{"id":117,"date":"2015-08-24T20:39:09","date_gmt":"2015-08-24T20:39:09","guid":{"rendered":"http:\/\/club-des-ecureuils.fr\/?page_id=117"},"modified":"2024-08-10T10:39:11","modified_gmt":"2024-08-10T10:39:11","slug":"actualites","status":"publish","type":"page","link":"https:\/\/club-des-ecureuils.fr\/?page_id=117","title":{"rendered":"Actualit\u00e9s Batucada"},"content":{"rendered":"\n<p class=\"has-text-align-center\"><a href=\"https:\/\/club-des-ecureuils.fr\/?page_id=33\">Pr\u00e9sentation<\/a> &#8211; <a href=\"https:\/\/club-des-ecureuils.fr\/?page_id=40\"><span style=\"color: #000000;\">Horaires<\/span><\/a> &#8211; <a href=\"https:\/\/club-des-ecureuils.fr\/?page_id=117\">Actualit\u00e9s<\/a> &#8211;&nbsp;<span style=\"color: #000000;\"><a style=\"color: #000000;\" href=\"https:\/\/club-des-ecureuils.fr\/?page_id=137\">Phototh\u00e8que<\/a><\/span> &#8211; <a href=\"https:\/\/club-des-ecureuils.fr\/?page_id=48\">Vid\u00e9oth\u00e8que<\/a><span style=\"color: #993300;\"><br><\/span><\/p>\n\n\n\n<p><span style=\"color: #de2121;\"><strong><em>La batucada<\/em><\/strong><\/span>, c&rsquo;est de la musique sans solf\u00e8ge ! Des <strong><em>phrases<\/em><\/strong>, de l&rsquo;\u00e9coute, <strong><em>des rythmes<\/em><\/strong>, une musique qui d\u00e9marre et qui vous transporte.<\/p>\n\n\n\n<p>La batucada permet \u00e0 ceux qui n&rsquo;ont pas de rythme, de le d\u00e9couvrir naturellement, c&rsquo;est la magie de la batucada ! <strong><em>Danser<\/em><\/strong> toutes les semaines \u00e0 travers <strong><em>la musique<\/em><\/strong> et <strong><em>l&rsquo;\u00e9nergie du groupe<\/em><\/strong> \u00e0 chaque r\u00e9p\u00e9tition permet de garder la forme et exercer une activit\u00e9 physique r\u00e9guli\u00e8re et entrainante !<\/p>\n\n\n\n<p><span style=\"font-weight: 400;\"><em><span style=\"color: #de2121;\"><strong>Misa<\/strong><\/span><\/em>, notre maestro, pratique les percussions br\u00e9siliennes depuis ses 8 ans au Br\u00e9sil. Il a beaucoup voyag\u00e9 \u00e0 travers le monde pour partager sa musique et mener des stages <\/span>notamment en Espagne dans le cadre d\u2019un grand festival qui met \u00e0 l\u2019honneur les percussions br\u00e9siliennes !<\/p>\n\n\n\n<p class=\"has-text-align-center\"><img loading=\"lazy\" decoding=\"async\" width=\"250\" height=\"250\" class=\"wp-image-6146\" style=\"width: 250px;\" src=\"https:\/\/club-des-ecureuils.fr\/wp-content\/uploads\/2024\/08\/Divers.png\" alt=\"\" srcset=\"https:\/\/club-des-ecureuils.fr\/wp-content\/uploads\/2024\/08\/Divers.png 1414w, https:\/\/club-des-ecureuils.fr\/wp-content\/uploads\/2024\/08\/Divers-300x300.png 300w, https:\/\/club-des-ecureuils.fr\/wp-content\/uploads\/2024\/08\/Divers-1024x1024.png 1024w, https:\/\/club-des-ecureuils.fr\/wp-content\/uploads\/2024\/08\/Divers-150x150.png 150w, https:\/\/club-des-ecureuils.fr\/wp-content\/uploads\/2024\/08\/Divers-768x768.png 768w, https:\/\/club-des-ecureuils.fr\/wp-content\/uploads\/2024\/08\/Divers-100x100.png 100w\" sizes=\"auto, (max-width: 250px) 100vw, 250px\" \/><\/p>\n\n\n\n<p><span style=\"font-weight: 400;\">En France, il est aujourd\u2019hui <em><strong>ma\u00eetre de percussions depuis 8 ans<\/strong><\/em>. Il a cr\u00e9\u00e9 sa propre Batucada \u201cAborisa\u201d, il est \u00e9galement directeur musical de 3 batucada dont Aborisa ainsi qu&rsquo;\u00e0 nos c\u00f4t\u00e9s.<\/span><\/p>\n\n\n\n<p class=\"has-text-align-center\"><img loading=\"lazy\" decoding=\"async\" width=\"180\" height=\"176\" class=\"wp-image-5561\" style=\"width: 180px;\" src=\"https:\/\/club-des-ecureuils.fr\/wp-content\/uploads\/2023\/09\/2.png\" alt=\"\" srcset=\"https:\/\/club-des-ecureuils.fr\/wp-content\/uploads\/2023\/09\/2.png 331w, https:\/\/club-des-ecureuils.fr\/wp-content\/uploads\/2023\/09\/2-300x293.png 300w\" sizes=\"auto, (max-width: 180px) 100vw, 180px\" \/><img loading=\"lazy\" decoding=\"async\" width=\"185\" height=\"181\" class=\"wp-image-5559\" style=\"width: 185px;\" src=\"https:\/\/club-des-ecureuils.fr\/wp-content\/uploads\/2023\/09\/1.png\" alt=\"\" srcset=\"https:\/\/club-des-ecureuils.fr\/wp-content\/uploads\/2023\/09\/1.png 331w, https:\/\/club-des-ecureuils.fr\/wp-content\/uploads\/2023\/09\/1-300x293.png 300w\" sizes=\"auto, (max-width: 185px) 100vw, 185px\" \/><\/p>\n\n\n\n<p><span style=\"font-weight: 400;\">Misa rayonne par ses principales qualit\u00e9s qui sont <em><strong>son profond respect<\/strong><\/em> et <em><strong>son attention aupr\u00e8s des \u00e9l\u00e8ves<\/strong><\/em>.<\/span><\/p>\n\n\n\n<p><strong><em>Ses objectifs se d\u00e9finissent par :<\/em>&nbsp;<\/strong><\/p>\n\n\n\n<ul class=\"wp-block-list\">\n<li><span style=\"font-weight: 400;\">Faire progresser les \u00e9l\u00e8ves dans la musique afro-br\u00e9silienne surtout dans les percussions<\/span><\/li>\n\n\n\n<li><span style=\"font-weight: 400;\">Enseigner la musique et apprendre avec chacun<\/span><\/li>\n<\/ul>\n\n\n\n<p><strong><em><mark style=\"background-color:rgba(0, 0, 0, 0)\" class=\"has-inline-color has-vivid-red-color\">Voici une pr\u00e9sentation de quelques instruments que nous retrouvons souvent dans une batucada telle que la n\u00f4tre :<\/mark><\/em><\/strong><\/p>\n\n\n\n<figure class=\"wp-block-image size-large\"><a href=\"https:\/\/club-des-ecureuils.fr\/wp-content\/uploads\/2023\/10\/Instruments.png\"><img loading=\"lazy\" decoding=\"async\" width=\"724\" height=\"1024\" src=\"https:\/\/club-des-ecureuils.fr\/wp-content\/uploads\/2023\/10\/Instruments-724x1024.png\" alt=\"\" class=\"wp-image-5579\" srcset=\"https:\/\/club-des-ecureuils.fr\/wp-content\/uploads\/2023\/10\/Instruments-724x1024.png 724w, https:\/\/club-des-ecureuils.fr\/wp-content\/uploads\/2023\/10\/Instruments-212x300.png 212w, https:\/\/club-des-ecureuils.fr\/wp-content\/uploads\/2023\/10\/Instruments-768x1086.png 768w, https:\/\/club-des-ecureuils.fr\/wp-content\/uploads\/2023\/10\/Instruments-1086x1536.png 1086w, https:\/\/club-des-ecureuils.fr\/wp-content\/uploads\/2023\/10\/Instruments.png 1414w\" sizes=\"auto, (max-width: 724px) 100vw, 724px\" \/><\/a><\/figure>\n\n\n\n<figure class=\"wp-block-image size-large\"><a href=\"https:\/\/club-des-ecureuils.fr\/wp-content\/uploads\/2023\/10\/Divers.png\"><img loading=\"lazy\" decoding=\"async\" width=\"1024\" height=\"598\" src=\"https:\/\/club-des-ecureuils.fr\/wp-content\/uploads\/2023\/10\/Divers-1024x598.png\" alt=\"\" class=\"wp-image-5636\" srcset=\"https:\/\/club-des-ecureuils.fr\/wp-content\/uploads\/2023\/10\/Divers-1024x598.png 1024w, https:\/\/club-des-ecureuils.fr\/wp-content\/uploads\/2023\/10\/Divers-300x175.png 300w, https:\/\/club-des-ecureuils.fr\/wp-content\/uploads\/2023\/10\/Divers-768x449.png 768w, https:\/\/club-des-ecureuils.fr\/wp-content\/uploads\/2023\/10\/Divers.png 1414w\" sizes=\"auto, (max-width: 767px) 89vw, (max-width: 1000px) 54vw, (max-width: 1071px) 543px, 580px\" \/><\/a><\/figure>\n","protected":false},"excerpt":{"rendered":"<p>Pr\u00e9sentation &#8211; Horaires &#8211; Actualit\u00e9s &#8211;&nbsp;Phototh\u00e8que &#8211; Vid\u00e9oth\u00e8que La batucada, c&rsquo;est de la musique sans solf\u00e8ge ! Des phrases, de l&rsquo;\u00e9coute, des rythmes, une musique qui d\u00e9marre et qui vous transporte. La batucada permet \u00e0 ceux qui n&rsquo;ont pas de rythme, de le d\u00e9couvrir naturellement, c&rsquo;est la magie de la batucada ! Danser toutes les &hellip; <\/p>\n<p class=\"link-more\"><a href=\"https:\/\/club-des-ecureuils.fr\/?page_id=117\" class=\"more-link\">Continuer la lecture<span class=\"screen-reader-text\"> de &laquo;&nbsp;Actualit\u00e9s Batucada&nbsp;&raquo;<\/span><\/a><\/p>\n","protected":false},"author":1,"featured_media":0,"parent":33,"menu_order":2,"comment_status":"closed","ping_status":"closed","template":"","meta":{"footnotes":""},"class_list":["post-117","page","type-page","status-publish","hentry"],"_links":{"self":[{"href":"https:\/\/club-des-ecureuils.fr\/index.php?rest_route=\/wp\/v2\/pages\/117","targetHints":{"allow":["GET"]}}],"collection":[{"href":"https:\/\/club-des-ecureuils.fr\/index.php?rest_route=\/wp\/v2\/pages"}],"about":[{"href":"https:\/\/club-des-ecureuils.fr\/index.php?rest_route=\/wp\/v2\/types\/page"}],"author":[{"embeddable":true,"href":"https:\/\/club-des-ecureuils.fr\/index.php?rest_route=\/wp\/v2\/users\/1"}],"replies":[{"embeddable":true,"href":"https:\/\/club-des-ecureuils.fr\/index.php?rest_route=%2Fwp%2Fv2%2Fcomments&post=117"}],"version-history":[{"count":22,"href":"https:\/\/club-des-ecureuils.fr\/index.php?rest_route=\/wp\/v2\/pages\/117\/revisions"}],"predecessor-version":[{"id":6147,"href":"https:\/\/club-des-ecureuils.fr\/index.php?rest_route=\/wp\/v2\/pages\/117\/revisions\/6147"}],"up":[{"embeddable":true,"href":"https:\/\/club-des-ecureuils.fr\/index.php?rest_route=\/wp\/v2\/pages\/33"}],"wp:attachment":[{"href":"https:\/\/club-des-ecureuils.fr\/index.php?rest_route=%2Fwp%2Fv2%2Fmedia&parent=117"}],"curies":[{"name":"wp","href":"https:\/\/api.w.org\/{rel}","templated":true}]}}

Actualités Batucada

<p class="has-text-align-center"><a href="https://club-des-ecureuils.fr/?page_id=33">Présentation</a> &#8211; <a href="https://club-des-ecureuils.fr/?page_id=40"><span style="color: #000000;">Horaires</span></a> &#8211; <a href="https://club-des-ecureuils.fr/?page_id=117">Actualités</a> &#8211;&nbsp;<span style="color: #000000;"><a style="color: #000000;" href="https://club-des-ecureuils.fr/?page_id=137">Photothèque</a></span> &#8211; <a href="https://club-des-ecureuils.fr/?page_id=48">Vidéothèque</a><span style="color: #993300;"><br></span></p>



<p><span style="color: #de2121;"><strong><em>La batucada</em></strong></span>, c&rsquo;est de la musique sans solfège ! Des <strong><em>phrases</em></strong>, de l&rsquo;écoute, <strong><em>des rythmes</em></strong>, une musique qui démarre et qui vous transporte.</p>



<p>La batucada permet à ceux qui n&rsquo;ont pas de rythme, de le découvrir naturellement, c&rsquo;est la magie de la batucada ! <strong><em>Danser</em></strong> toutes les semaines à travers <strong><em>la musique</em></strong> et <strong><em>l&rsquo;énergie du groupe</em></strong> à chaque répétition permet de garder la forme et exercer une activité physique régulière et entrainante !</p>



<p><span style="font-weight: 400;"><em><span style="color: #de2121;"><strong>Misa</strong></span></em>, notre maestro, pratique les percussions brésiliennes depuis ses 8 ans au Brésil. Il a beaucoup voyagé à travers le monde pour partager sa musique et mener des stages </span>notamment en Espagne dans le cadre d’un grand festival qui met à l’honneur les percussions brésiliennes !</p>



<p class="has-text-align-center"><img loading="lazy" decoding="async" width="250" height="250" class="wp-image-6146" style="width: 250px;" src="https://club-des-ecureuils.fr/wp-content/uploads/2024/08/Divers.png" alt="" srcset="https://club-des-ecureuils.fr/wp-content/uploads/2024/08/Divers.png 1414w, https://club-des-ecureuils.fr/wp-content/uploads/2024/08/Divers-300x300.png 300w, https://club-des-ecureuils.fr/wp-content/uploads/2024/08/Divers-1024x1024.png 1024w, https://club-des-ecureuils.fr/wp-content/uploads/2024/08/Divers-150x150.png 150w, https://club-des-ecureuils.fr/wp-content/uploads/2024/08/Divers-768x768.png 768w, https://club-des-ecureuils.fr/wp-content/uploads/2024/08/Divers-100x100.png 100w" sizes="auto, (max-width: 250px) 100vw, 250px" /></p>



<p><span style="font-weight: 400;">En France, il est aujourd’hui <em><strong>maître de percussions depuis 8 ans</strong></em>. Il a créé sa propre Batucada “Aborisa”, il est également directeur musical de 3 batucada dont Aborisa ainsi qu&rsquo;à nos côtés.</span></p>



<p class="has-text-align-center"><img loading="lazy" decoding="async" width="180" height="176" class="wp-image-5561" style="width: 180px;" src="https://club-des-ecureuils.fr/wp-content/uploads/2023/09/2.png" alt="" srcset="https://club-des-ecureuils.fr/wp-content/uploads/2023/09/2.png 331w, https://club-des-ecureuils.fr/wp-content/uploads/2023/09/2-300x293.png 300w" sizes="auto, (max-width: 180px) 100vw, 180px" /><img loading="lazy" decoding="async" width="185" height="181" class="wp-image-5559" style="width: 185px;" src="https://club-des-ecureuils.fr/wp-content/uploads/2023/09/1.png" alt="" srcset="https://club-des-ecureuils.fr/wp-content/uploads/2023/09/1.png 331w, https://club-des-ecureuils.fr/wp-content/uploads/2023/09/1-300x293.png 300w" sizes="auto, (max-width: 185px) 100vw, 185px" /></p>



<p><span style="font-weight: 400;">Misa rayonne par ses principales qualités qui sont <em><strong>son profond respect</strong></em> et <em><strong>son attention auprès des élèves</strong></em>.</span></p>



<p><strong><em>Ses objectifs se définissent par :</em>&nbsp;</strong></p>



<ul class="wp-block-list">
<li><span style="font-weight: 400;">Faire progresser les élèves dans la musique afro-brésilienne surtout dans les percussions</span></li>



<li><span style="font-weight: 400;">Enseigner la musique et apprendre avec chacun</span></li>
</ul>



<p><strong><em><mark style="background-color:rgba(0, 0, 0, 0)" class="has-inline-color has-vivid-red-color">Voici une présentation de quelques instruments que nous retrouvons souvent dans une batucada telle que la nôtre :</mark></em></strong></p>



<figure class="wp-block-image size-large"><a href="https://club-des-ecureuils.fr/wp-content/uploads/2023/10/Instruments.png"><img loading="lazy" decoding="async" width="724" height="1024" src="https://club-des-ecureuils.fr/wp-content/uploads/2023/10/Instruments-724x1024.png" alt="" class="wp-image-5579" srcset="https://club-des-ecureuils.fr/wp-content/uploads/2023/10/Instruments-724x1024.png 724w, https://club-des-ecureuils.fr/wp-content/uploads/2023/10/Instruments-212x300.png 212w, https://club-des-ecureuils.fr/wp-content/uploads/2023/10/Instruments-768x1086.png 768w, https://club-des-ecureuils.fr/wp-content/uploads/2023/10/Instruments-1086x1536.png 1086w, https://club-des-ecureuils.fr/wp-content/uploads/2023/10/Instruments.png 1414w" sizes="auto, (max-width: 724px) 100vw, 724px" /></a></figure>



<figure class="wp-block-image size-large"><a href="https://club-des-ecureuils.fr/wp-content/uploads/2023/10/Divers.png"><img loading="lazy" decoding="async" width="1024" height="598" src="https://club-des-ecureuils.fr/wp-content/uploads/2023/10/Divers-1024x598.png" alt="" class="wp-image-5636" srcset="https://club-des-ecureuils.fr/wp-content/uploads/2023/10/Divers-1024x598.png 1024w, https://club-des-ecureuils.fr/wp-content/uploads/2023/10/Divers-300x175.png 300w, https://club-des-ecureuils.fr/wp-content/uploads/2023/10/Divers-768x449.png 768w, https://club-des-ecureuils.fr/wp-content/uploads/2023/10/Divers.png 1414w" sizes="auto, (max-width: 767px) 89vw, (max-width: 1000px) 54vw, (max-width: 1071px) 543px, 580px" /></a></figure>

<p>Présentation &#8211; Horaires &#8211; Actualités &#8211;&nbsp;Photothèque &#8211; Vidéothèque La batucada, c&rsquo;est de la musique sans solfège ! Des phrases, de l&rsquo;écoute, des rythmes, une musique qui démarre et qui vous transporte. La batucada permet à ceux qui n&rsquo;ont pas de rythme, de le découvrir naturellement, c&rsquo;est la magie de la batucada ! Danser toutes les &hellip; </p>
<p class="link-more"><a href="https://club-des-ecureuils.fr/?page_id=117" class="more-link">Continuer la lecture<span class="screen-reader-text"> de &laquo;&nbsp;Actualités Batucada&nbsp;&raquo;</span></a></p>
