{"id":13,"date":"2015-08-24T18:56:43","date_gmt":"2015-08-24T18:56:43","guid":{"rendered":"http:\/\/club-des-ecureuils.fr\/?page_id=13"},"modified":"2025-10-23T16:46:39","modified_gmt":"2025-10-23T16:46:39","slug":"le-club","status":"publish","type":"page","link":"https:\/\/club-des-ecureuils.fr\/?page_id=13","title":{"rendered":"Le Club"},"content":{"rendered":"<h5 style=\"text-align: center;\"><span style=\"color: #0000ff;\"><strong><a style=\"color: #0000ff;\" href=\"https:\/\/club-des-ecureuils.fr\/?page_id=13\">Club<\/a> &#8211; <a style=\"color: #0000ff;\" href=\"https:\/\/club-des-ecureuils.fr\/?page_id=230\">Inscriptions<\/a> &#8211; <a style=\"color: #0000ff;\" href=\"https:\/\/club-des-ecureuils.fr\/?page_id=15\">Organigramme<\/a> &#8211; <a style=\"color: #0000ff;\" href=\"https:\/\/club-des-ecureuils.fr\/?page_id=21\">Statuts<\/a> &#8211;\u00a0<a style=\"color: #0000ff;\" href=\"https:\/\/club-des-ecureuils.fr\/?page_id=23\">R\u00e8glement<\/a><\/strong><\/span><\/h5>\n<h5 style=\"text-align: center;\"><span style=\"color: #0000ff;\"><strong><a style=\"color: #0000ff;\" href=\"https:\/\/club-des-ecureuils.fr\/?page_id=26\">Charte de bonne conduite<\/a> &#8211; <a style=\"color: #0000ff;\" href=\"https:\/\/club-des-ecureuils.fr\/?page_id=404\">Conseil d&rsquo;Administration<\/a>\u00a0&#8211;\u00a0<\/strong><a style=\"color: #0000ff;\" href=\"https:\/\/club-des-ecureuils.fr\/?page_id=1421\">Assurances<\/a><\/span><\/h5>\n<p>\u00a0<\/p>\n<p>Club Omnisports et Culturel des \u00c9cureuils<br \/>11a rue Jacques Blieck<br \/>33380 Marcheprime<\/p>\n<p>@: president@club-des-ecureuils.fr<\/p>\n<p>T\u00e9l\u00e9phone: 06 20 60 61 74<\/p>\n<p style=\"text-align: center;\">\u00a0<\/p>\n<p>Le Club Omnisports et Culturel des \u00c9cureuils est piloter par le bureau suivant :<\/p>\n<ul>\n<li style=\"padding-left: 30px;\">Jean-Bernard VIGNACQ\u00a0<a href=\"mailto:president@club-des-ecureuils.fr\">president@club-des-ecureuils.fr<\/a><\/li>\n<li style=\"padding-left: 30px;\">Patrick LIENARD <a href=\"mailto:tresorier@club-des-ecureuils.fr\">tresorier@club-des-ecureuils.fr<\/a><\/li>\n<li style=\"padding-left: 30px;\">Rodolphe FRADIN <a href=\"mailto:secretariat@club-des-ecureuils.fr\">secretariat@club-des-ecureuils.fr<\/a><\/li>\n<li>\u00a0 \u00a0 \u00a0 \u00a0 \u00a0 Nativit\u00e9 CAUBIT\u00a0 secr\u00e9taire adjointe<\/li>\n<\/ul>\n<p><script>\/\/ <![CDATA[\n(function(i,s,o,g,r,a,m){i['GoogleAnalyticsObject']=r;i[r]=i[r]||function(){ (i[r].q=i[r].q||[]).push(arguments)},i[r].l=1*new Date();a=s.createElement(o), m=s.getElementsByTagName(o)[0];a.async=1;a.src=g;m.parentNode.insertBefore(a,m) })(window,document,'script','\/\/www.google-analytics.com\/analytics.js','ga'); ga('create', 'UA-67482741-1', 'auto'); ga('send', 'pageview');<br \/>\n\/\/ ]]><\/script><\/p>\n\n\n<p><\/p>\n","protected":false},"excerpt":{"rendered":"<p>Club &#8211; Inscriptions &#8211; Organigramme &#8211; Statuts &#8211;\u00a0R\u00e8glement Charte de bonne conduite &#8211; Conseil d&rsquo;Administration\u00a0&#8211;\u00a0Assurances \u00a0 Club Omnisports et Culturel des \u00c9cureuils11a rue Jacques Blieck33380 Marcheprime @: president@club-des-ecureuils.fr T\u00e9l\u00e9phone: 06 20 60 61 74 \u00a0 Le Club Omnisports et Culturel des \u00c9cureuils est piloter par le bureau suivant : Jean-Bernard VIGNACQ\u00a0president@club-des-ecureuils.fr Patrick LIENARD tresorier@club-des-ecureuils.fr Rodolphe &hellip; <\/p>\n<p class=\"link-more\"><a href=\"https:\/\/club-des-ecureuils.fr\/?page_id=13\" class=\"more-link\">Continuer la lecture<span class=\"screen-reader-text\"> de &laquo;&nbsp;Le Club&nbsp;&raquo;<\/span><\/a><\/p>\n","protected":false},"author":1,"featured_media":0,"parent":0,"menu_order":2,"comment_status":"closed","ping_status":"closed","template":"","meta":{"footnotes":""},"class_list":["post-13","page","type-page","status-publish","hentry"],"_links":{"self":[{"href":"https:\/\/club-des-ecureuils.fr\/index.php?rest_route=\/wp\/v2\/pages\/13","targetHints":{"allow":["GET"]}}],"collection":[{"href":"https:\/\/club-des-ecureuils.fr\/index.php?rest_route=\/wp\/v2\/pages"}],"about":[{"href":"https:\/\/club-des-ecureuils.fr\/index.php?rest_route=\/wp\/v2\/types\/page"}],"author":[{"embeddable":true,"href":"https:\/\/club-des-ecureuils.fr\/index.php?rest_route=\/wp\/v2\/users\/1"}],"replies":[{"embeddable":true,"href":"https:\/\/club-des-ecureuils.fr\/index.php?rest_route=%2Fwp%2Fv2%2Fcomments&post=13"}],"version-history":[{"count":32,"href":"https:\/\/club-des-ecureuils.fr\/index.php?rest_route=\/wp\/v2\/pages\/13\/revisions"}],"predecessor-version":[{"id":7011,"href":"https:\/\/club-des-ecureuils.fr\/index.php?rest_route=\/wp\/v2\/pages\/13\/revisions\/7011"}],"wp:attachment":[{"href":"https:\/\/club-des-ecureuils.fr\/index.php?rest_route=%2Fwp%2Fv2%2Fmedia&parent=13"}],"curies":[{"name":"wp","href":"https:\/\/api.w.org\/{rel}","templated":true}]}}