{"id":139,"date":"2015-08-24T20:54:03","date_gmt":"2015-08-24T20:54:03","guid":{"rendered":"http:\/\/club-des-ecureuils.fr\/?page_id=139"},"modified":"2022-03-17T16:33:53","modified_gmt":"2022-03-17T16:33:53","slug":"videotheque","status":"publish","type":"page","link":"https:\/\/club-des-ecureuils.fr\/?page_id=139","title":{"rendered":"Vid\u00e9oth\u00e8que Course \u00e0 pied"},"content":{"rendered":"<p style=\"text-align: center;\"><span style=\"color: #993366;\"><a href=\"https:\/\/club-des-ecureuils.fr\/?page_id=53\">CAP<\/a> &#8211; <a href=\"https:\/\/club-des-ecureuils.fr\/?page_id=283\">Horaires<\/a> &#8211; <a href=\"https:\/\/club-des-ecureuils.fr\/?page_id=120\">Actualit\u00e9s<\/a> &#8211;\u00a0<a href=\"https:\/\/club-des-ecureuils.fr\/?page_id=59\">Phototh\u00e8que<\/a> &#8211; <a href=\"https:\/\/club-des-ecureuils.fr\/?page_id=139\">Vid\u00e9oth\u00e8que<\/a> &#8211; <span style=\"color: #000080;\"><a style=\"color: #000080;\" href=\"https:\/\/club-des-ecureuils.fr\/?page_id=1660\">Planning des courses<\/a><\/span><\/span><\/p>\n\n\n<div class=\"wp-block-file\"><a href=\"https:\/\/club-des-ecureuils.fr\/wp-content\/uploads\/2019\/12\/Vid\u00e9o-Eug\u00e8ne-12_12_19.mp4\">Vid\u00e9o Eug\u00e8ne 12_12_19<\/a><a href=\"https:\/\/club-des-ecureuils.fr\/wp-content\/uploads\/2019\/12\/Vid\u00e9o-Eug\u00e8ne-12_12_19.mp4\" class=\"wp-block-file__button\" download>T\u00e9l\u00e9charger<\/a><\/div>\n","protected":false},"excerpt":{"rendered":"<p>CAP &#8211; Horaires &#8211; Actualit\u00e9s &#8211;\u00a0Phototh\u00e8que &#8211; Vid\u00e9oth\u00e8que &#8211; Planning des courses<\/p>\n","protected":false},"author":1,"featured_media":0,"parent":53,"menu_order":4,"comment_status":"closed","ping_status":"closed","template":"","meta":{"footnotes":""},"class_list":["post-139","page","type-page","status-publish","hentry"],"_links":{"self":[{"href":"https:\/\/club-des-ecureuils.fr\/index.php?rest_route=\/wp\/v2\/pages\/139","targetHints":{"allow":["GET"]}}],"collection":[{"href":"https:\/\/club-des-ecureuils.fr\/index.php?rest_route=\/wp\/v2\/pages"}],"about":[{"href":"https:\/\/club-des-ecureuils.fr\/index.php?rest_route=\/wp\/v2\/types\/page"}],"author":[{"embeddable":true,"href":"https:\/\/club-des-ecureuils.fr\/index.php?rest_route=\/wp\/v2\/users\/1"}],"replies":[{"embeddable":true,"href":"https:\/\/club-des-ecureuils.fr\/index.php?rest_route=%2Fwp%2Fv2%2Fcomments&post=139"}],"version-history":[{"count":7,"href":"https:\/\/club-des-ecureuils.fr\/index.php?rest_route=\/wp\/v2\/pages\/139\/revisions"}],"predecessor-version":[{"id":4345,"href":"https:\/\/club-des-ecureuils.fr\/index.php?rest_route=\/wp\/v2\/pages\/139\/revisions\/4345"}],"up":[{"embeddable":true,"href":"https:\/\/club-des-ecureuils.fr\/index.php?rest_route=\/wp\/v2\/pages\/53"}],"wp:attachment":[{"href":"https:\/\/club-des-ecureuils.fr\/index.php?rest_route=%2Fwp%2Fv2%2Fmedia&parent=139"}],"curies":[{"name":"wp","href":"https:\/\/api.w.org\/{rel}","templated":true}]}}