{"id":201,"date":"2015-08-24T21:54:12","date_gmt":"2015-08-24T21:54:12","guid":{"rendered":"http:\/\/club-des-ecureuils.fr\/?page_id=201"},"modified":"2025-11-20T11:28:18","modified_gmt":"2025-11-20T11:28:18","slug":"horaires","status":"publish","type":"page","link":"https:\/\/club-des-ecureuils.fr\/?page_id=201","title":{"rendered":"Horaires et Tarifs VTT"},"content":{"rendered":"<p><img loading=\"lazy\" decoding=\"async\" class=\"alignnone size-medium wp-image-6834 aligncenter\" src=\"https:\/\/club-des-ecureuils.fr\/wp-content\/uploads\/2025\/10\/Logo-Stickers-2025-300x107.png\" alt=\"\" width=\"300\" height=\"107\" srcset=\"https:\/\/club-des-ecureuils.fr\/wp-content\/uploads\/2025\/10\/Logo-Stickers-2025-300x107.png 300w, https:\/\/club-des-ecureuils.fr\/wp-content\/uploads\/2025\/10\/Logo-Stickers-2025-768x275.png 768w, https:\/\/club-des-ecureuils.fr\/wp-content\/uploads\/2025\/10\/Logo-Stickers-2025.png 928w\" sizes=\"auto, (max-width: 300px) 100vw, 300px\" \/><\/p>\n<p style=\"text-align: center;\"><strong><a href=\"https:\/\/club-des-ecureuils.fr\/?page_id=199\">Activit\u00e9s Cyclo &#8211; Gravel &#8211; VTT<\/a> \u2013 <a href=\"https:\/\/club-des-ecureuils.fr\/?page_id=201\">Horaires et Tarifs<\/a>\u00a0\u2013 <a href=\"https:\/\/club-des-ecureuils.fr\/?page_id=205\">Actualit\u00e9s<\/a> \u2013 <a href=\"https:\/\/club-des-ecureuils.fr\/?page_id=239\">Phototh\u00e8que<\/a> \u2013 <a href=\"https:\/\/club-des-ecureuils.fr\/?page_id=241\">Vid\u00e9oth\u00e8que<\/a> &#8211;\u00a0<\/strong><strong><a href=\"https:\/\/club-des-ecureuils.fr\/?page_id=604\">Section Jeunes<\/a> \u2013 <a href=\"https:\/\/club-des-ecureuils.fr\/?page_id=645\">Section Pitchounes<\/a>\u00a0&#8211; <a href=\"https:\/\/club-des-ecureuils.fr\/?page_id=1453\">Choix d&rsquo;un VTT<\/a><\/strong><\/p>\n<div style=\"text-align: center;\">\n<p style=\"text-align: left;\"><strong>Les horaires sont les suivantes :<\/strong><\/p>\n<table style=\"height: 765px;\" width=\"563\">\n<tbody>\n<tr>\n<td colspan=\"5\" width=\"99%\">\n<p><span style=\"color: #0000ff;\"><strong>Section VTT Pitchounes &amp; Jeunes<\/strong><\/span><\/p>\n<p><span style=\"color: #0000ff;\"><strong>RDV\u00a0: Lac de Croix d\u2019Hins &#8211; rue de la station &#8211; Marcheprime<\/strong><\/span><\/p>\n<\/td>\n<\/tr>\n<tr>\n<td width=\"21%\">\n<p><strong>Pitchouns<\/strong><\/p>\n<p><strong>(<span style=\"color: #0000ff;\">\u00e0 partir\u00a0de 7 ans<\/span>)<\/strong><\/p>\n<p><span style=\"color: #ff0000;\">Selon Capacit\u00e9 physique<\/span><\/p>\n<\/td>\n<td width=\"12%\">\n<p><strong>Samedi<\/strong><\/p>\n<\/td>\n<td colspan=\"2\" width=\"18%\">\n<p><span style=\"color: #ff0000;\"><strong>10h00<\/strong><\/span><strong> \u2013 12h00<\/strong><\/p>\n<\/td>\n<td width=\"45%\">\n<p><strong>Reprise le 13\/09\/2025<\/strong><\/p>\n<p><strong>Pas de cours durant les vacances scolaires<\/strong><\/p>\n<p><span style=\"color: #ff0000;\"><strong>La section Pitchoune est Limit\u00e9e \u00e0 30 places.<\/strong><\/span><\/p>\n<\/td>\n<\/tr>\n<tr>\n<td width=\"21%\">\n<p><strong>Jeunes\u00a0et Adultes\u00a0D\u00e9butants<\/strong><\/p>\n<p><strong>(<span style=\"color: #0000ff;\">\u00e0 partir de 10 ans<\/span>)\u00a0<\/strong><\/p>\n<p><span style=\"color: #ff0000;\">Selon Capacit\u00e9 physique<\/span><\/p>\n<\/td>\n<td width=\"12%\">\n<p><strong>Samedi<\/strong><\/p>\n<\/td>\n<td colspan=\"2\" width=\"18%\">\n<p><span style=\"color: #ff0000;\"><strong>9h30<\/strong><\/span><strong> \u2013 12h00<\/strong><\/p>\n<\/td>\n<td width=\"45%\">\n<p><strong>Reprise le 13\/09\/2025<\/strong><\/p>\n<p><strong>Pas de cours durant les vacances scolaires<\/strong><\/p>\n<p><span style=\"color: #ff0000;\"><strong>La section Jeunes est Limit\u00e9e \u00e0 30 places.<\/strong><\/span><\/p>\n<\/td>\n<\/tr>\n<tr>\n<td colspan=\"5\" width=\"99%\">\n<p><span style=\"color: #0000ff;\"><strong>Activit\u00e9s Cyclo &#8211; Gravel &#8211; VTT<\/strong><\/span><\/p>\n<p><span style=\"color: #0000ff;\"><strong>RDV \u00e0 8h50<\/strong><\/span> :12 rue Jacques Blieck &#8211; Marcheprime<\/p>\n<\/td>\n<\/tr>\n<tr>\n<td width=\"21%\">\n<p><strong>Adultes\u00a0et Jeunes<\/strong><\/p>\n<p><strong>(<span style=\"color: #0000ff;\">\u00e0 partir de 12 ans<\/span>)<\/strong><\/p>\n<p><span style=\"color: #ff0000;\">Selon Capacit\u00e9 physique<\/span><\/p>\n<\/td>\n<td width=\"12%\">\n<p><strong>Samedi<\/strong><\/p>\n<p>et\/ou\u00a0<\/p>\n<p><strong>Dimanche<\/strong><\/p>\n<\/td>\n<td width=\"16%\">\n<p><span style=\"color: #ff0000;\"><strong>14h15<\/strong><\/span> <strong>&#8211; 17h15<\/strong><\/p>\n<p><span style=\"color: #ff0000;\"><strong>9h00<\/strong><\/span><strong> \u2013 12h00<\/strong><\/p>\n<\/td>\n<td colspan=\"2\" width=\"47%\">\n<p><strong>En fonction de la m\u00e9t\u00e9o<\/strong><\/p>\n<p><strong>Sans interruption toute l\u2019ann\u00e9e<\/strong><\/p>\n<p><strong>Pas de tr\u00eave estivale ou hivernale<\/strong><\/p>\n<p><strong>Pas de limite de place<\/strong><\/p>\n<\/td>\n<\/tr>\n<\/tbody>\n<\/table>\n<\/div>\n<p style=\"text-align: center;\"><span style=\"color: #0000ff;\"><strong>Tarifs pour la Saison 2024\/2025 : (Adh\u00e9sion \/ Licence \/ Assurance tout inclus)<\/strong><\/span><\/p>\n<p style=\"padding-left: 40px;\"><strong>Pitchounes et Jeunes :<\/strong><br \/><strong><span style=\"color: #0000ff;\">Licence UFOLEP V\u00e9lo \u00e9ducatif Enfants &amp; Jeunes<\/span> <\/strong>(<strong>Code 26016 \u2013 Loisir<\/strong>) sans comp\u00e9tition : Enfants &amp; Jeunes \u00e0 partir de 7 ans jusqu\u2019\u00e0 16 ans. Seulement pour faire les Kid Bike ou sans comp\u00e9tition.<br \/>La section Pitchounes Limit\u00e9e \u00e0 30 places.<br \/>La section Jeunes sera Limit\u00e9 \u00e0 30 places.<br \/><span style=\"color: #0000ff;\"><strong>55 \u20ac<\/strong><\/span> &#8211;&gt; tarif valide du 01\/07\/2025 jusqu&rsquo;au 31\/10\/2025, ensuite <strong><span style=\"color: #ff0000;\">60 \u20ac<\/span><\/strong><\/p>\n<p style=\"padding-left: 40px;\"><strong>Licence UFOLEP VTT Comp\u00e9tition Jeunes (Code 26042 \u2013 Comp\u00e9tition):<\/strong><br \/>Jeunes (11 \u00e0 16 ans) d\u00e9sirant faire les Championnats UFOLEP D\u00e9partemental &#8211; R\u00e9gional &#8211; National.<br \/><span style=\"color: #0000ff;\"><strong>65 \u20ac<\/strong><\/span> &#8211;&gt; tarif valide du 01\/07\/2025 jusqu&rsquo;au 31\/10\/2025, ensuite <strong><span style=\"color: #ff0000;\">70 \u20ac<\/span><\/strong><\/p>\n<p style=\"padding-left: 40px;\"><strong>Licence LOISIR ADULTE &#8211; Cyclo &#8211; Gravel &#8211; VTT (N\u00e9s en 2007 et avant) :<\/strong><br \/><strong><span style=\"color: #0000ff;\">Licence LOISIR <\/span><span style=\"color: #0000ff;\">FNSMR<\/span>\u00a0<\/strong><br \/><strong><span style=\"color: #0000ff;\">45 \u20ac<\/span><\/strong> &#8211;&gt; tarif valide du 01\/07\/2025 jusqu&rsquo;au 31\/10\/2025, ensuite <span style=\"color: #ff0000;\"><strong>50 \u20ac<\/strong><\/span><br \/><span style=\"color: #0000ff;\"><strong>Licence LOISIR<\/strong><\/span> Adultes <span style=\"color: #ff6600;\"><strong>UFOLEP<\/strong><\/span> <strong>(Code 26042 \u2013 Loisir)<\/strong> : <br \/><span style=\"color: #0000ff;\"><strong>75 \u20ac<\/strong><\/span> &#8211;&gt; tarif valide du 01\/07\/2025 jusqu&rsquo;au 31\/10\/2025 <strong><span style=\"color: #ff0000;\">80 \u20ac<\/span><\/strong><br \/><strong><span style=\"color: #0000ff;\">Licence Comp\u00e9tition<\/span><\/strong> Adultes <strong><span style=\"color: #ff6600;\">UFOLEP<\/span><\/strong> <strong>(Code 26042 \u2013 Comp\u00e9tition) <\/strong>: <br \/><span style=\"color: #0000ff;\"><strong>85 \u20ac<\/strong><\/span> &#8211;&gt; tarif valide du 01\/07\/2025 jusqu&rsquo;au 31\/10\/2025, ensuite <span style=\"color: #ff0000;\"><strong>90 \u20ac<\/strong><\/span><\/p>\n<h3 style=\"text-align: center;\"><span style=\"color: #ff6600;\"><strong>Inscription<\/strong> <strong>Section Cyclo &#8211; Gravel &#8211; VTT <\/strong><\/span>(<strong>uniquement <span style=\"color: #000000;\"><span style=\"color: #ff6600;\">en ligne<\/span>\u00a0<\/span><\/strong><span style=\"color: #ff6600;\"><span style=\"color: #000000;\">avec paiement<\/span> CB<\/span>) ici :<\/h3>\n<p><iframe id=\"haWidget\" style=\"width: 100%; height: 70px; border: none;\" src=\"https:\/\/www.helloasso.com\/associations\/club-omnisports-et-culturel-des-ecureuils-section-vtt\/adhesions\/saison-2025-2026-club-cyclo-gravel-vtt\/widget-bouton\"> { const dataHeight = e.data.height; const haWidgetElement = document.getElementById(&lsquo;haWidget&rsquo;); haWidgetElement.height = dataHeight + &lsquo;px&rsquo;; } )\u00a0\u00bb &gt;<\/iframe><br \/>Code de r\u00e9duction : <span style=\"color: #0000ff;\"><strong>CODE2025<\/strong><\/span><\/p>\n<h4>Valide du <strong><span style=\"color: #ff6600;\">01\/07\/2025<\/span><\/strong> jusqu&rsquo;au <strong><span style=\"color: #ff6600;\">31\/10\/2025<\/span><\/strong><\/h4>\n<h4><span style=\"color: #ff6600;\"><span style=\"color: #ff0000;\">(pas de frais suppl\u00e9mentaires obligatoires \/ vous pouvez d\u00e9cocher \u00ab\u00a0<strong>Je ne souhaite pas soutenir HelloAsso<\/strong>\u00ab\u00a0)<\/span><\/span><\/h4>\n<h4>Toutes les informations ici :\u00a0<a href=\"https:\/\/club-des-ecureuils.fr\/?page_id=4712\" target=\"_blank\" rel=\"noopener\">Inscription ou renouvellement<\/a><\/h4>\n<p>Pour tous renseignements vous pouvez nous contacter avec les coordonn\u00e9es ci-dessous.<br \/>Sportivement !<\/p>\n<div>\n<div>Lo\u00efc ZAMPARO<\/div>\n<div><strong>Pr\u00e9sident<\/strong><\/div>\n<\/div>\n<div><strong>Section <span style=\"color: #0000ff;\">Cyclo &#8211; Gravel &#8211; VTT<\/span> by <span style=\"color: #ff6600;\">VTT Parfum Nature<\/span><\/strong><\/div>\n<div>Tel : 06 85 58 49 21<\/div>\n<p>@ :\u00a0<span id=\"OBJ_PREFIX_DWT59_com_zimbra_email\" class=\"Object\"><a href=\"mailto:vtt@club-des-ecureuils.fr\">vtt@club-des-ecureuils.fr<\/a><\/span><\/p>\n\n\n<p><\/p>\n","protected":false},"excerpt":{"rendered":"<p>Activit\u00e9s Cyclo &#8211; Gravel &#8211; VTT \u2013 Horaires et Tarifs\u00a0\u2013 Actualit\u00e9s \u2013 Phototh\u00e8que \u2013 Vid\u00e9oth\u00e8que &#8211;\u00a0Section Jeunes \u2013 Section Pitchounes\u00a0&#8211; Choix d&rsquo;un VTT Les horaires sont les suivantes : Section VTT Pitchounes &amp; Jeunes RDV\u00a0: Lac de Croix d\u2019Hins &#8211; rue de la station &#8211; Marcheprime Pitchouns (\u00e0 partir\u00a0de 7 ans) Selon Capacit\u00e9 physique Samedi &hellip; <\/p>\n<p class=\"link-more\"><a href=\"https:\/\/club-des-ecureuils.fr\/?page_id=201\" class=\"more-link\">Continuer la lecture<span class=\"screen-reader-text\"> de &laquo;&nbsp;Horaires et Tarifs VTT&nbsp;&raquo;<\/span><\/a><\/p>\n","protected":false},"author":1,"featured_media":0,"parent":199,"menu_order":1,"comment_status":"closed","ping_status":"closed","template":"","meta":{"footnotes":""},"class_list":["post-201","page","type-page","status-publish","hentry"],"_links":{"self":[{"href":"https:\/\/club-des-ecureuils.fr\/index.php?rest_route=\/wp\/v2\/pages\/201","targetHints":{"allow":["GET"]}}],"collection":[{"href":"https:\/\/club-des-ecureuils.fr\/index.php?rest_route=\/wp\/v2\/pages"}],"about":[{"href":"https:\/\/club-des-ecureuils.fr\/index.php?rest_route=\/wp\/v2\/types\/page"}],"author":[{"embeddable":true,"href":"https:\/\/club-des-ecureuils.fr\/index.php?rest_route=\/wp\/v2\/users\/1"}],"replies":[{"embeddable":true,"href":"https:\/\/club-des-ecureuils.fr\/index.php?rest_route=%2Fwp%2Fv2%2Fcomments&post=201"}],"version-history":[{"count":108,"href":"https:\/\/club-des-ecureuils.fr\/index.php?rest_route=\/wp\/v2\/pages\/201\/revisions"}],"predecessor-version":[{"id":7218,"href":"https:\/\/club-des-ecureuils.fr\/index.php?rest_route=\/wp\/v2\/pages\/201\/revisions\/7218"}],"up":[{"embeddable":true,"href":"https:\/\/club-des-ecureuils.fr\/index.php?rest_route=\/wp\/v2\/pages\/199"}],"wp:attachment":[{"href":"https:\/\/club-des-ecureuils.fr\/index.php?rest_route=%2Fwp%2Fv2%2Fmedia&parent=201"}],"curies":[{"name":"wp","href":"https:\/\/api.w.org\/{rel}","templated":true}]}}