{"id":241,"date":"2015-08-24T22:48:06","date_gmt":"2015-08-24T22:48:06","guid":{"rendered":"http:\/\/club-des-ecureuils.fr\/?page_id=241"},"modified":"2021-07-30T12:03:33","modified_gmt":"2021-07-30T12:03:33","slug":"videotheque","status":"publish","type":"page","link":"https:\/\/club-des-ecureuils.fr\/?page_id=241","title":{"rendered":"Vid\u00e9oth\u00e8que VTT"},"content":{"rendered":"<p style=\"text-align: center;\"><strong><a href=\"https:\/\/club-des-ecureuils.fr\/?page_id=199\">Section VTT<\/a> \u2013 <a href=\"https:\/\/club-des-ecureuils.fr\/?page_id=201\">Horaires et Tarifs<\/a>&nbsp;\u2013 <a href=\"https:\/\/club-des-ecureuils.fr\/?page_id=205\">Actualit\u00e9s<\/a> \u2013 <a href=\"https:\/\/club-des-ecureuils.fr\/?page_id=239\">Phototh\u00e8que<\/a> \u2013 <a href=\"https:\/\/club-des-ecureuils.fr\/?page_id=241\">Vid\u00e9oth\u00e8que<\/a><\/strong><\/p>\n<p style=\"text-align: center;\"><strong><a href=\"https:\/\/club-des-ecureuils.fr\/?page_id=604\">Section Jeunes<\/a> \u2013 <a href=\"https:\/\/club-des-ecureuils.fr\/?page_id=645\">Section Pitchounes<\/a>&nbsp;&#8211; <a href=\"https:\/\/club-des-ecureuils.fr\/?page_id=1453\">Choix d&rsquo;un VTT<\/a><\/strong><\/p>\n<h2><strong>Pilotage VTT \u2013 10 Erreurs et leurs Solutions !<\/strong><\/h2>\n<p><iframe loading=\"lazy\" title=\"Pilotage VTT - 10 Erreurs et leurs Solutions !\" width=\"525\" height=\"295\" src=\"https:\/\/www.youtube.com\/embed\/vrknjzwhjzc?feature=oembed\" frameborder=\"0\" allow=\"accelerometer; autoplay; clipboard-write; encrypted-media; gyroscope; picture-in-picture; web-share\" referrerpolicy=\"strict-origin-when-cross-origin\" allowfullscreen><\/iframe><\/p>\n\n\n<p><\/p>\n\n\n<h2><strong>Des exercices Fun et utiles !<\/strong><\/h2>\n<p><iframe loading=\"lazy\" title=\"VTT -  The fun exercises with R\u00e9my Absalon - TOBESPORT\" width=\"525\" height=\"295\" src=\"https:\/\/www.youtube.com\/embed\/Jzumg_pAg6o?feature=oembed\" frameborder=\"0\" allow=\"accelerometer; autoplay; clipboard-write; encrypted-media; gyroscope; picture-in-picture; web-share\" referrerpolicy=\"strict-origin-when-cross-origin\" allowfullscreen><\/iframe><\/p>\n<h2 class=\"title style-scope ytd-video-primary-info-renderer\">TUTO WHEELING EN VTT \/ VTTAE &#x26a1;&#xfe0f;<\/h2>\n<p><iframe loading=\"lazy\" title=\"FAIRE un WHEELING EN VTT \/ VTTAE  : LE TUTO \u26a1\ufe0f!\" width=\"525\" height=\"295\" src=\"https:\/\/www.youtube.com\/embed\/15TjrWS2Bf8?feature=oembed\" frameborder=\"0\" allow=\"accelerometer; autoplay; clipboard-write; encrypted-media; gyroscope; picture-in-picture; web-share\" referrerpolicy=\"strict-origin-when-cross-origin\" allowfullscreen><\/iframe><\/p>\n<h2>La P&rsquo;tite Sortie du Dimanche<\/h2>\n<p><iframe loading=\"lazy\" title=\"VTT Parfum Nature - La P&#039;tite Sortie Dimanche - Partie 1\" width=\"525\" height=\"295\" src=\"https:\/\/www.youtube.com\/embed\/pM1y81grEqI?feature=oembed\" frameborder=\"0\" allow=\"accelerometer; autoplay; clipboard-write; encrypted-media; gyroscope; picture-in-picture; web-share\" referrerpolicy=\"strict-origin-when-cross-origin\" allowfullscreen><\/iframe><\/p>\n<h2>R\u00e9sum\u00e9 de la 14\u00e8me \u00e9dition de la Rando des \u00c9cureuils 2015<\/h2>\n<p><iframe loading=\"lazy\" title=\"Rando VTT des \u00c9cureuils 2015 \u00e0 Marcheprime\" width=\"525\" height=\"295\" src=\"https:\/\/www.youtube.com\/embed\/ARZKn09JtXk?feature=oembed\" frameborder=\"0\" allow=\"accelerometer; autoplay; clipboard-write; encrypted-media; gyroscope; picture-in-picture; web-share\" referrerpolicy=\"strict-origin-when-cross-origin\" allowfullscreen><\/iframe><\/p>\n<h2>Les Premi\u00e8res S\u00e9ances de la Section Pitchounes<\/h2>\n<p><iframe loading=\"lazy\" title=\"Exercice 1 - le c\u00f4ne - Freinage\" width=\"525\" height=\"295\" src=\"https:\/\/www.youtube.com\/embed\/8SNk6TgXnVY?feature=oembed\" frameborder=\"0\" allow=\"accelerometer; autoplay; clipboard-write; encrypted-media; gyroscope; picture-in-picture; web-share\" referrerpolicy=\"strict-origin-when-cross-origin\" allowfullscreen><\/iframe><\/p>\n<p><iframe loading=\"lazy\" title=\"Exercice 2 : Slalom - Acc\u00e9l\u00e9ration - Freinage\" width=\"525\" height=\"295\" src=\"https:\/\/www.youtube.com\/embed\/AYIrXdHyss0?feature=oembed\" frameborder=\"0\" allow=\"accelerometer; autoplay; clipboard-write; encrypted-media; gyroscope; picture-in-picture; web-share\" referrerpolicy=\"strict-origin-when-cross-origin\" allowfullscreen><\/iframe><\/p>\n<p><iframe loading=\"lazy\" title=\"Fin de s\u00e9ance - Course 3 tours\" width=\"525\" height=\"295\" src=\"https:\/\/www.youtube.com\/embed\/A7TXw4hlwPw?feature=oembed\" frameborder=\"0\" allow=\"accelerometer; autoplay; clipboard-write; encrypted-media; gyroscope; picture-in-picture; web-share\" referrerpolicy=\"strict-origin-when-cross-origin\" allowfullscreen><\/iframe><\/p>\n<h2>Sortie Club 2015 : Los Monegros (Esp)<\/h2>\n<p><iframe loading=\"lazy\" title=\"Los monegros 2015 le film\" width=\"525\" height=\"295\" src=\"https:\/\/www.youtube.com\/embed\/RkM6w7XDduM?feature=oembed\" frameborder=\"0\" allow=\"accelerometer; autoplay; clipboard-write; encrypted-media; gyroscope; picture-in-picture; web-share\" referrerpolicy=\"strict-origin-when-cross-origin\" allowfullscreen><\/iframe><\/p>\n<h2>S\u00e9ance atelier<\/h2>\n<p style=\"text-align: left;\">R\u00e9glage du d\u00e9railleur arri\u00e8re<\/p>\n<p>https:\/\/youtu.be\/vEV9P4Q3x_Q<\/p>\n<p>R\u00e9paration pneu v\u00e9lo<\/p>\n<p>https:\/\/www.youtube.com\/watch?v=FGKbZ0aJtOA<\/p>\n<p>Gonfler une chambre \u00e0 air<\/p>\n<p>https:\/\/www.youtube.com\/watch?v=yAFKEiH0dsM<\/p>\n<p class=\"yt watch-title-container\"><span id=\"eow-title\" class=\"watch-title \" dir=\"ltr\" title=\"Nettoyage cassette velo\">Nettoyage cassette v\u00e9lo <\/span><\/p>\n<p>https:\/\/www.youtube.com\/watch?v=H0WL4K1-VdY<\/p>\n<p class=\"yt watch-title-container\"><span id=\"eow-title\" class=\"watch-title \" dir=\"ltr\" title=\"Installer une nouvelle chaine velo\">Installer une nouvelle chaine v\u00e9lo<\/span><\/p>\n<p>https:\/\/www.youtube.com\/watch?v=qbjvMicUGUk<\/p>\n<p class=\"yt watch-title-container\"><span id=\"eow-title\" class=\"watch-title \" dir=\"ltr\" title=\"Reglage freins v-brakes velo\">Reglage freins v-brakes v\u00e9lo <\/span><\/p>\n<p>https:\/\/www.youtube.com\/watch?v=TmFSwMyR3Hs<\/p>\n<p>R\u00e9glage freins \u00e0 disque VTT<\/p>\n<p><iframe loading=\"lazy\" title=\"Comment r\u00e9gler tes freins \u00e0 disque VTT - Tuto enDHurobike\" width=\"525\" height=\"295\" src=\"https:\/\/www.youtube.com\/embed\/4EdoT7TPldg?feature=oembed\" frameborder=\"0\" allow=\"accelerometer; autoplay; clipboard-write; encrypted-media; gyroscope; picture-in-picture; web-share\" referrerpolicy=\"strict-origin-when-cross-origin\" allowfullscreen><\/iframe><\/p>\n<p class=\"yt watch-title-container\">\u00a0<\/p>","protected":false},"excerpt":{"rendered":"<p>Section VTT \u2013 Horaires et Tarifs&nbsp;\u2013 Actualit\u00e9s \u2013 Phototh\u00e8que \u2013 Vid\u00e9oth\u00e8que Section Jeunes \u2013 Section Pitchounes&nbsp;&#8211; Choix d&rsquo;un VTT Pilotage VTT \u2013 10 Erreurs et leurs Solutions ! Des exercices Fun et utiles ! TUTO WHEELING EN VTT \/ VTTAE &#x26a1;&#xfe0f; La P&rsquo;tite Sortie du Dimanche R\u00e9sum\u00e9 de la 14\u00e8me \u00e9dition de la Rando des &hellip; <\/p>\n<p class=\"link-more\"><a href=\"https:\/\/club-des-ecureuils.fr\/?page_id=241\" class=\"more-link\">Continuer la lecture<span class=\"screen-reader-text\"> de &laquo;&nbsp;Vid\u00e9oth\u00e8que VTT&nbsp;&raquo;<\/span><\/a><\/p>\n","protected":false},"author":1,"featured_media":0,"parent":199,"menu_order":4,"comment_status":"closed","ping_status":"closed","template":"full-width-page.php","meta":{"footnotes":""},"class_list":["post-241","page","type-page","status-publish","hentry"],"_links":{"self":[{"href":"https:\/\/club-des-ecureuils.fr\/index.php?rest_route=\/wp\/v2\/pages\/241","targetHints":{"allow":["GET"]}}],"collection":[{"href":"https:\/\/club-des-ecureuils.fr\/index.php?rest_route=\/wp\/v2\/pages"}],"about":[{"href":"https:\/\/club-des-ecureuils.fr\/index.php?rest_route=\/wp\/v2\/types\/page"}],"author":[{"embeddable":true,"href":"https:\/\/club-des-ecureuils.fr\/index.php?rest_route=\/wp\/v2\/users\/1"}],"replies":[{"embeddable":true,"href":"https:\/\/club-des-ecureuils.fr\/index.php?rest_route=%2Fwp%2Fv2%2Fcomments&post=241"}],"version-history":[{"count":25,"href":"https:\/\/club-des-ecureuils.fr\/index.php?rest_route=\/wp\/v2\/pages\/241\/revisions"}],"predecessor-version":[{"id":4701,"href":"https:\/\/club-des-ecureuils.fr\/index.php?rest_route=\/wp\/v2\/pages\/241\/revisions\/4701"}],"up":[{"embeddable":true,"href":"https:\/\/club-des-ecureuils.fr\/index.php?rest_route=\/wp\/v2\/pages\/199"}],"wp:attachment":[{"href":"https:\/\/club-des-ecureuils.fr\/index.php?rest_route=%2Fwp%2Fv2%2Fmedia&parent=241"}],"curies":[{"name":"wp","href":"https:\/\/api.w.org\/{rel}","templated":true}]}}