{"id":3530,"date":"2017-10-27T09:22:59","date_gmt":"2017-10-27T09:22:59","guid":{"rendered":"http:\/\/club-des-ecureuils.fr\/?page_id=3530"},"modified":"2025-11-14T14:13:58","modified_gmt":"2025-11-14T14:13:58","slug":"theatre-les-mots-dits","status":"publish","type":"page","link":"https:\/\/club-des-ecureuils.fr\/?page_id=3530","title":{"rendered":"Th\u00e9\u00e2tre :Sc\u00e9n&rsquo;Art"},"content":{"rendered":"\n<p class=\"has-text-align-center\"><a href=\"https:\/\/club-des-ecureuils.fr\/?page_id=3530\">Th\u00e9\u00e2tre<\/a>&nbsp;\u2013&nbsp;<a href=\"https:\/\/club-des-ecureuils.fr\/?page_id=3532\">Horaires<\/a>&nbsp;\u2013&nbsp;<a href=\"https:\/\/club-des-ecureuils.fr\/?page_id=3534\">Actualit\u00e9s<\/a>&nbsp;\u2013&nbsp;<a href=\"https:\/\/club-des-ecureuils.fr\/?page_id=3536\">Phototh\u00e8que<\/a>&nbsp;\u2013&nbsp;<a href=\"https:\/\/club-des-ecureuils.fr\/?page_id=3538\">Vid\u00e9oth\u00e8que<\/a>&nbsp;&#8211; <a href=\"https:\/\/club-des-ecureuils.fr\/?page_id=3966\">Spectacles<\/a><\/p>\n\n\n\n<h3 class=\"wp-block-heading has-text-align-center\"><span style=\"color: #ff0000;\"><strong>Inscriptions saison 2025-2026 en ligne et UNIQUEMENT par CB :<\/strong><\/span><\/h3>\n\n\n<p><iframe id=\"haWidget\" style=\"width: 100%; height: 70px; border: none;\" src=\"https:\/\/www.helloasso.com\/associations\/club-omnisports-et-culturel-des-ecureuils-theatre\/adhesions\/adhesion-saison-2025-2026\/widget-bouton\"> { const dataHeight = e.data.height; const haWidgetElement = document.getElementById(&lsquo;haWidget&rsquo;); haWidgetElement.height = dataHeight + &lsquo;px&rsquo;; } )\u00a0\u00bb &gt;<\/iframe><\/p>\n\n<div class=\"wp-block-image\">\n<figure class=\"aligncenter\"><a href=\"https:\/\/club-des-ecureuils.fr\/wp-content\/uploads\/2020\/08\/Sc\u00e9nArt-3.png\"><img loading=\"lazy\" decoding=\"async\" width=\"300\" height=\"185\" src=\"https:\/\/club-des-ecureuils.fr\/wp-content\/uploads\/2020\/08\/Sc\u00e9nArt-3-300x185.png\" alt=\"\" class=\"wp-image-4452\" srcset=\"https:\/\/club-des-ecureuils.fr\/wp-content\/uploads\/2020\/08\/Sc\u00e9nArt-3-300x185.png 300w, https:\/\/club-des-ecureuils.fr\/wp-content\/uploads\/2020\/08\/Sc\u00e9nArt-3-1024x632.png 1024w, https:\/\/club-des-ecureuils.fr\/wp-content\/uploads\/2020\/08\/Sc\u00e9nArt-3-768x474.png 768w, https:\/\/club-des-ecureuils.fr\/wp-content\/uploads\/2020\/08\/Sc\u00e9nArt-3-1536x948.png 1536w, https:\/\/club-des-ecureuils.fr\/wp-content\/uploads\/2020\/08\/Sc\u00e9nArt-3-2048x1264.png 2048w, https:\/\/club-des-ecureuils.fr\/wp-content\/uploads\/2020\/08\/Sc\u00e9nArt-3-100x62.png 100w, https:\/\/club-des-ecureuils.fr\/wp-content\/uploads\/2020\/08\/Sc\u00e9nArt-3-150x93.png 150w, https:\/\/club-des-ecureuils.fr\/wp-content\/uploads\/2020\/08\/Sc\u00e9nArt-3-200x123.png 200w, https:\/\/club-des-ecureuils.fr\/wp-content\/uploads\/2020\/08\/Sc\u00e9nArt-3-450x278.png 450w, https:\/\/club-des-ecureuils.fr\/wp-content\/uploads\/2020\/08\/Sc\u00e9nArt-3-600x370.png 600w, https:\/\/club-des-ecureuils.fr\/wp-content\/uploads\/2020\/08\/Sc\u00e9nArt-3-900x556.png 900w\" sizes=\"auto, (max-width: 300px) 100vw, 300px\" \/><\/a><\/figure>\n<\/div>\n\n\n<p><span style=\"color: #000000;\">Cr\u00e9\u00e9e \u00e0 la rentr\u00e9e 2016, sous le nom des Mots Dits avec un groupe d&rsquo; adultes. Nous voici depuis 2022 avec trois groupes : enfants, adolescents et adultes qui forment la <span style=\"color: #ff0000;\"><em><strong>Compagnie Sc\u00e9n&rsquo;Art<\/strong><\/em><\/span>.<\/span><\/p>\n\n\n\n<p><span style=\"color: #000000;\">Entre jeux, improvisations, mimes, rigolades\u2026 les mots se m\u00ealent et s&rsquo;entrem\u00ealent&nbsp; pour former des histoires.<\/span><\/p>\n\n\n\n<p><span style=\"color: #000000;\">Des histoires qui se racontent lors de nos repr\u00e9sentations de fin d&rsquo;ann\u00e9e.<\/span><\/p>\n\n\n<div class=\"wp-block-image\">\n<figure class=\"aligncenter\"><a href=\"https:\/\/club-des-ecureuils.fr\/wp-content\/uploads\/2019\/02\/THEATRE-SPECTACLE.jpg\"><img loading=\"lazy\" decoding=\"async\" width=\"300\" height=\"300\" src=\"https:\/\/club-des-ecureuils.fr\/wp-content\/uploads\/2019\/02\/THEATRE-SPECTACLE-300x300.jpg\" alt=\"\" class=\"wp-image-4015\" srcset=\"https:\/\/club-des-ecureuils.fr\/wp-content\/uploads\/2019\/02\/THEATRE-SPECTACLE-300x300.jpg 300w, https:\/\/club-des-ecureuils.fr\/wp-content\/uploads\/2019\/02\/THEATRE-SPECTACLE-150x150.jpg 150w, https:\/\/club-des-ecureuils.fr\/wp-content\/uploads\/2019\/02\/THEATRE-SPECTACLE-768x768.jpg 768w, https:\/\/club-des-ecureuils.fr\/wp-content\/uploads\/2019\/02\/THEATRE-SPECTACLE-100x100.jpg 100w, https:\/\/club-des-ecureuils.fr\/wp-content\/uploads\/2019\/02\/THEATRE-SPECTACLE-200x200.jpg 200w, https:\/\/club-des-ecureuils.fr\/wp-content\/uploads\/2019\/02\/THEATRE-SPECTACLE-450x450.jpg 450w, https:\/\/club-des-ecureuils.fr\/wp-content\/uploads\/2019\/02\/THEATRE-SPECTACLE-600x600.jpg 600w, https:\/\/club-des-ecureuils.fr\/wp-content\/uploads\/2019\/02\/THEATRE-SPECTACLE-900x900.jpg 900w, https:\/\/club-des-ecureuils.fr\/wp-content\/uploads\/2019\/02\/THEATRE-SPECTACLE.jpg 1024w\" sizes=\"auto, (max-width: 300px) 100vw, 300px\" \/><\/a><\/figure>\n<\/div>\n\n\n<p><span style=\"color: #000000;\"><\/span><\/p>\n\n\n\n<div class=\"field-content\"><span style=\"color: #000000;\">Renseignements Cindy PLANSON<\/span><\/div>\n\n\n\n<div class=\"field-content\"><span style=\"color: #000000;\">Responsable de Section<\/span><\/div>\n\n\n\n<div class=\"field-content\"><span style=\"color: #000000;\">Tel : 06 18 80 01 30<\/span><\/div>\n\n\n\n<div class=\"field-content\"><span style=\"color: #000000;\">Mail: scenart33@gmail.com<\/span><\/div>\n\n\n\n<div><span style=\"color: #000000;\">Facebook: scen&rsquo;art Marcheprime<\/span><\/div>\n\n\n\n<div class=\"field-content\">&nbsp;<\/div>\n","protected":false},"excerpt":{"rendered":"<p>Th\u00e9\u00e2tre&nbsp;\u2013&nbsp;Horaires&nbsp;\u2013&nbsp;Actualit\u00e9s&nbsp;\u2013&nbsp;Phototh\u00e8que&nbsp;\u2013&nbsp;Vid\u00e9oth\u00e8que&nbsp;&#8211; Spectacles Inscriptions saison 2025-2026 en ligne et UNIQUEMENT par CB : { const dataHeight = e.data.height; const haWidgetElement = document.getElementById(&lsquo;haWidget&rsquo;); haWidgetElement.height = dataHeight + &lsquo;px&rsquo;; } )\u00a0\u00bb &gt; Cr\u00e9\u00e9e \u00e0 la rentr\u00e9e 2016, sous le nom des Mots Dits avec un groupe d&rsquo; adultes. Nous voici depuis 2022 avec trois groupes : enfants, adolescents &hellip; <\/p>\n<p class=\"link-more\"><a href=\"https:\/\/club-des-ecureuils.fr\/?page_id=3530\" class=\"more-link\">Continuer la lecture<span class=\"screen-reader-text\"> de &laquo;&nbsp;Th\u00e9\u00e2tre :Sc\u00e9n&rsquo;Art&nbsp;&raquo;<\/span><\/a><\/p>\n","protected":false},"author":1,"featured_media":0,"parent":28,"menu_order":8,"comment_status":"closed","ping_status":"closed","template":"","meta":{"footnotes":""},"class_list":["post-3530","page","type-page","status-publish","hentry"],"_links":{"self":[{"href":"https:\/\/club-des-ecureuils.fr\/index.php?rest_route=\/wp\/v2\/pages\/3530","targetHints":{"allow":["GET"]}}],"collection":[{"href":"https:\/\/club-des-ecureuils.fr\/index.php?rest_route=\/wp\/v2\/pages"}],"about":[{"href":"https:\/\/club-des-ecureuils.fr\/index.php?rest_route=\/wp\/v2\/types\/page"}],"author":[{"embeddable":true,"href":"https:\/\/club-des-ecureuils.fr\/index.php?rest_route=\/wp\/v2\/users\/1"}],"replies":[{"embeddable":true,"href":"https:\/\/club-des-ecureuils.fr\/index.php?rest_route=%2Fwp%2Fv2%2Fcomments&post=3530"}],"version-history":[{"count":37,"href":"https:\/\/club-des-ecureuils.fr\/index.php?rest_route=\/wp\/v2\/pages\/3530\/revisions"}],"predecessor-version":[{"id":7053,"href":"https:\/\/club-des-ecureuils.fr\/index.php?rest_route=\/wp\/v2\/pages\/3530\/revisions\/7053"}],"up":[{"embeddable":true,"href":"https:\/\/club-des-ecureuils.fr\/index.php?rest_route=\/wp\/v2\/pages\/28"}],"wp:attachment":[{"href":"https:\/\/club-des-ecureuils.fr\/index.php?rest_route=%2Fwp%2Fv2%2Fmedia&parent=3530"}],"curies":[{"name":"wp","href":"https:\/\/api.w.org\/{rel}","templated":true}]}}