{"id":604,"date":"2015-09-04T15:40:53","date_gmt":"2015-09-04T15:40:53","guid":{"rendered":"http:\/\/club-des-ecureuils.fr\/?page_id=604"},"modified":"2025-10-15T16:31:19","modified_gmt":"2025-10-15T16:31:19","slug":"section-jeunes-vtt","status":"publish","type":"page","link":"https:\/\/club-des-ecureuils.fr\/?page_id=604","title":{"rendered":"Section Jeunes VTT"},"content":{"rendered":"<p><img loading=\"lazy\" decoding=\"async\" class=\"alignnone size-medium wp-image-6834 aligncenter\" src=\"https:\/\/club-des-ecureuils.fr\/wp-content\/uploads\/2025\/10\/Logo-Stickers-2025-300x107.png\" alt=\"\" width=\"300\" height=\"107\" srcset=\"https:\/\/club-des-ecureuils.fr\/wp-content\/uploads\/2025\/10\/Logo-Stickers-2025-300x107.png 300w, https:\/\/club-des-ecureuils.fr\/wp-content\/uploads\/2025\/10\/Logo-Stickers-2025-768x275.png 768w, https:\/\/club-des-ecureuils.fr\/wp-content\/uploads\/2025\/10\/Logo-Stickers-2025.png 928w\" sizes=\"auto, (max-width: 300px) 100vw, 300px\" \/><\/p>\n<p style=\"text-align: center;\"><strong><a href=\"https:\/\/club-des-ecureuils.fr\/?page_id=199\">Section VTT<\/a> \u2013 <a href=\"https:\/\/club-des-ecureuils.fr\/?page_id=201\">Horaires et Tarifs<\/a>\u00a0\u2013 <a href=\"https:\/\/club-des-ecureuils.fr\/?page_id=205\">Actualit\u00e9s<\/a> \u2013 <a href=\"https:\/\/club-des-ecureuils.fr\/?page_id=239\">Phototh\u00e8que<\/a> \u2013 <a href=\"https:\/\/club-des-ecureuils.fr\/?page_id=241\">Vid\u00e9oth\u00e8que<\/a><\/strong><\/p>\n<p style=\"text-align: center;\"><strong><a href=\"https:\/\/club-des-ecureuils.fr\/?page_id=604\">Section Jeunes<\/a> \u2013 <a href=\"https:\/\/club-des-ecureuils.fr\/?page_id=645\">Section Pitchounes<\/a>\u00a0&#8211; <a href=\"https:\/\/club-des-ecureuils.fr\/?page_id=1453\">Choix d&rsquo;un VTT<\/a><\/strong><\/p>\n<p style=\"text-align: center;\"><strong>La section pour les Jeunes (10 \u00e0 17\u00a0ans)<\/strong><\/p>\n<p><strong>La Section Jeunes VTT<\/strong> accueil les enfants de 10 \u00e0 17 ans <strong>(<span style=\"color: #0000ff;\">\u00e0 partir de 10 ans et selon la capacit\u00e9 physique de l&rsquo;enfant<\/span>)<\/strong>. L&rsquo;entrainement est encadr\u00e9 par des b\u00e9n\u00e9voles tous les samedi Matins \u00e0 <strong><span style=\"color: #ff0000;\">9h30<\/span><\/strong> (sauf vacances scolaires).<br \/><strong>Des groupes de niveau sont organis\u00e9s.<\/strong><\/p>\n<p style=\"text-align: left;\" align=\"center\"><span style=\"text-decoration: underline;\"><strong>\u00c9quipements obligatoires :<\/strong><\/span><\/p>\n<ul>\n<li style=\"text-align: left;\">1 VTT en bon \u00e9tat de marche, (Les freins, les changements de vitesse, le pneus doivent \u00eatre en bon \u00e9tat)<\/li>\n<li style=\"text-align: left;\">1 Casque.<\/li>\n<li>1 sac \u00e0 eau,\u00a0 1 sac \u00e0 dos avec une bouteille, ou encore une gourde.<\/li>\n<li>1 barre de c\u00e9r\u00e9ale ou popote.<\/li>\n<li>Lunettes de soleil et des gants (protection des yeux et des mains).<\/li>\n<\/ul>\n<p>Le calendrier des entra\u00eenements VTT jeunes ici : <a href=\"https:\/\/ecureuilsvtt-jeunes.yaentrainement.fr\/\">https:\/\/ecureuilsvtt-jeunes.yaentrainement.fr\/<\/a><\/p>\n<p>Les Jeunes seront Coach\u00e9s par des b\u00e9n\u00e9voles form\u00e9s (BFA1 UFOLEP) et accompagn\u00e9s par des parents volontaires \u00e0 la section Jeune VTT.<\/p>\n<p>Les b\u00e9n\u00e9voles organisent des s\u00e9ances techniques d&rsquo;environ 30 \u00e0 45 minutes. Ensuite les jeunes seront r\u00e9partis par groupes de niveau pour faire un parcours en for\u00eat d&rsquo;environ 25 km.<\/p>\n<h2 style=\"text-align: left;\"><span style=\"text-decoration: underline;\"><strong>Objectif Kid bike &amp; Comp\u00e9tition :<\/strong><\/span><\/h2>\n<p><strong>Les Jeunes de 10 \u00e0 14 ans participent au rencontres interclubs \u00ab Kid bike \u00bb qui se d\u00e9roulent sur 6 \u00e0 7 dates, dans diff\u00e9rents clubs. Les 15 \u00e0 17 ans se pr\u00e9parent pour \u00e9ventuellement participer aux Championnats D\u00e9partemental et R\u00e9gional UFOLEP.<\/strong><\/p>\n<ul>\n<li>\u00a0<\/li>\n<\/ul>\n<p><a href=\"https:\/\/club-des-ecureuils.fr\/wp-content\/uploads\/2015\/09\/kidbike20152.gif\"><img loading=\"lazy\" decoding=\"async\" class=\"wp-image-605 alignleft\" src=\"https:\/\/club-des-ecureuils.fr\/wp-content\/uploads\/2015\/09\/kidbike20152-300x135.gif\" alt=\"kidbike20152\" width=\"378\" height=\"170\" srcset=\"https:\/\/club-des-ecureuils.fr\/wp-content\/uploads\/2015\/09\/kidbike20152-300x135.gif 300w, https:\/\/club-des-ecureuils.fr\/wp-content\/uploads\/2015\/09\/kidbike20152-100x45.gif 100w, https:\/\/club-des-ecureuils.fr\/wp-content\/uploads\/2015\/09\/kidbike20152-150x68.gif 150w, https:\/\/club-des-ecureuils.fr\/wp-content\/uploads\/2015\/09\/kidbike20152-200x90.gif 200w, https:\/\/club-des-ecureuils.fr\/wp-content\/uploads\/2015\/09\/kidbike20152-450x203.gif 450w\" sizes=\"auto, (max-width: 378px) 100vw, 378px\" \/><\/a><\/p>\n<p><strong>D\u00e9roulement de la journ\u00e9e Kid bike :<\/strong><\/p>\n<p>Un responsable de club se pr\u00e9sentera muni de toutes les licences de son club, retirera les dossards, et r\u00e9glera le montant de l\u2019engagement de son club.<br \/>D\u00e8s qu\u2019une \u00e9quipe sera form\u00e9e, elle sera appel\u00e9e ainsi que le r\u00e9f\u00e9rent qui l\u2019encadrera pour la totalit\u00e9 des \u00e9preuves et pourra commencer l\u2019atelier indiqu\u00e9 sur sa feuille, des l\u2019atelier termin\u00e9, le r\u00e9f\u00e9rent rapportera \u00e0 la table informatique la feuille compl\u00e9t\u00e9e de ces notes, prendra la feuille de l\u2019atelier suivant, et ainsi de suite jusqu\u2019\u00e0 la fin des \u00e9preuves.<\/p>\n<p><strong>Les ateliers :<\/strong><\/p>\n<p><strong>Escargot<\/strong> : lenteur de rigueur, le surplace est interdit<br \/><strong>Jongleur<\/strong> : maniabilit\u00e9 requise<br \/><strong>Le mini trial<\/strong> : passer les obstacles sans difficult\u00e9.<br \/><strong>Le cross country<\/strong> : un parcours \u00e0 faire rapidement.<\/p>\n<p><strong>La d\u00e9couverte et le perfectionnement au VTT <\/strong>\u00e0 travers une d\u00e9marche\u00a0d\u2019apprentissage originale : des fondamentaux techniques et des<br \/>connaissances transversales (m\u00e9canique, lecture de carte, s\u00e9curit\u00e9, \u2026).\u00a0Une progression p\u00e9dagogique visant \u00e0 faire des jeunes, des VTTistes complets.<br \/>Le plaisir de faire du VTT avec les copains et copines.\u00a0Ce dispositif f\u00e9d\u00e8re : enfants, parents, accompagnateurs, animateurs et\u00a0responsables associatifs.<\/p>\n<p><span style=\"text-decoration: underline;\"><strong>Projet \u00e9ducatif :<\/strong><\/span><br \/>D\u00e9velopper la pratique du V\u00e9lo Tout Terrain (VTT) chez les plus jeunes, filles et gar\u00e7ons, de 10 \u00e0 16 ans.<br \/><strong>Objectifs :\u00a0<\/strong><br \/>\u2022\u00a0S\u2019initier, apprendre et se perfectionner \u00e0 la pratique du v\u00e9lo, dans un esprit ludique et convivial<br \/>\u2022\u00a0Donner le go\u00fbt de l\u2019effort et du d\u00e9passement de soi<br \/>\u2022\u00a0Se former \u00e0 une pratique s\u00e9curis\u00e9e du v\u00e9lo d\u00e8s le plus jeune \u00e2ge<br \/>\u2022\u00a0Former des citoyens sportifs, acteurs d\u2019une pratique responsable et durable du v\u00e9lo<br \/><strong>D\u00e9marche :<\/strong><br \/>\u2022\u00a0Une progression p\u00e9dagogique adapt\u00e9e aux aptitudes des enfants et par tranche d\u2019\u00e2ge<br \/>\u2022\u00a0Une d\u00e9couverte am\u00e9nag\u00e9e pour les plus jeunes (draisienne, trottinette)<br \/>\u2022\u00a05 niveaux d\u2019apprentissage allant de l\u2019initiation au perfectionnement technique<br \/>\u2022\u00a0Des animateurs b\u00e9n\u00e9voles form\u00e9s par l&rsquo;UFOLEP<br \/>\u2022\u00a0Des outils techniques et p\u00e9dagogiques de l&rsquo;UFOLEP<br \/>\u2022\u00a0Des associations labellis\u00e9es \u00ab \u00e9cole de Kid Bike \u00bb<br \/>\u2022\u00a0Des \u00e9tapes valid\u00e9es par un carnet de progression pour l\u2019enfant<br \/>\u2022\u00a0Un permis du jeune cycliste<br \/>\u2022\u00a0Des challenges inter clubs r\u00e9guliers<\/p>\n\n\n<p>Souvenir du Kid Bike de Saint-Jean d&rsquo;Illac 2021 :<\/p>\n\n\n\n<figure class=\"wp-block-embed is-type-video is-provider-youtube wp-block-embed-youtube wp-embed-aspect-16-9 wp-has-aspect-ratio\"><div class=\"wp-block-embed__wrapper\">\n<iframe loading=\"lazy\" title=\"Le Kid Bike de Saint-Jean d\u2019Illac 2021\" width=\"525\" height=\"295\" src=\"https:\/\/www.youtube.com\/embed\/t-MmBbqA1qI?feature=oembed\" frameborder=\"0\" allow=\"accelerometer; autoplay; clipboard-write; encrypted-media; gyroscope; picture-in-picture; web-share\" referrerpolicy=\"strict-origin-when-cross-origin\" allowfullscreen><\/iframe>\n<\/div><\/figure>\n","protected":false},"excerpt":{"rendered":"<p>Section VTT \u2013 Horaires et Tarifs\u00a0\u2013 Actualit\u00e9s \u2013 Phototh\u00e8que \u2013 Vid\u00e9oth\u00e8que Section Jeunes \u2013 Section Pitchounes\u00a0&#8211; Choix d&rsquo;un VTT La section pour les Jeunes (10 \u00e0 17\u00a0ans) La Section Jeunes VTT accueil les enfants de 10 \u00e0 17 ans (\u00e0 partir de 10 ans et selon la capacit\u00e9 physique de l&rsquo;enfant). L&rsquo;entrainement est encadr\u00e9 par &hellip; <\/p>\n<p class=\"link-more\"><a href=\"https:\/\/club-des-ecureuils.fr\/?page_id=604\" class=\"more-link\">Continuer la lecture<span class=\"screen-reader-text\"> de &laquo;&nbsp;Section Jeunes VTT&nbsp;&raquo;<\/span><\/a><\/p>\n","protected":false},"author":1,"featured_media":0,"parent":199,"menu_order":5,"comment_status":"closed","ping_status":"closed","template":"","meta":{"footnotes":""},"class_list":["post-604","page","type-page","status-publish","hentry"],"_links":{"self":[{"href":"https:\/\/club-des-ecureuils.fr\/index.php?rest_route=\/wp\/v2\/pages\/604","targetHints":{"allow":["GET"]}}],"collection":[{"href":"https:\/\/club-des-ecureuils.fr\/index.php?rest_route=\/wp\/v2\/pages"}],"about":[{"href":"https:\/\/club-des-ecureuils.fr\/index.php?rest_route=\/wp\/v2\/types\/page"}],"author":[{"embeddable":true,"href":"https:\/\/club-des-ecureuils.fr\/index.php?rest_route=\/wp\/v2\/users\/1"}],"replies":[{"embeddable":true,"href":"https:\/\/club-des-ecureuils.fr\/index.php?rest_route=%2Fwp%2Fv2%2Fcomments&post=604"}],"version-history":[{"count":40,"href":"https:\/\/club-des-ecureuils.fr\/index.php?rest_route=\/wp\/v2\/pages\/604\/revisions"}],"predecessor-version":[{"id":6838,"href":"https:\/\/club-des-ecureuils.fr\/index.php?rest_route=\/wp\/v2\/pages\/604\/revisions\/6838"}],"up":[{"embeddable":true,"href":"https:\/\/club-des-ecureuils.fr\/index.php?rest_route=\/wp\/v2\/pages\/199"}],"wp:attachment":[{"href":"https:\/\/club-des-ecureuils.fr\/index.php?rest_route=%2Fwp%2Fv2%2Fmedia&parent=604"}],"curies":[{"name":"wp","href":"https:\/\/api.w.org\/{rel}","templated":true}]}}

<p><img loading="lazy" decoding="async" class="alignnone size-medium wp-image-6834 aligncenter" src="https://club-des-ecureuils.fr/wp-content/uploads/2025/10/Logo-Stickers-2025-300x107.png" alt="" width="300" height="107" srcset="https://club-des-ecureuils.fr/wp-content/uploads/2025/10/Logo-Stickers-2025-300x107.png 300w, https://club-des-ecureuils.fr/wp-content/uploads/2025/10/Logo-Stickers-2025-768x275.png 768w, https://club-des-ecureuils.fr/wp-content/uploads/2025/10/Logo-Stickers-2025.png 928w" sizes="auto, (max-width: 300px) 100vw, 300px" /></p>
<p style="text-align: center;"><strong><a href="https://club-des-ecureuils.fr/?page_id=199">Section VTT</a> – <a href="https://club-des-ecureuils.fr/?page_id=201">Horaires et Tarifs</a> – <a href="https://club-des-ecureuils.fr/?page_id=205">Actualités</a> – <a href="https://club-des-ecureuils.fr/?page_id=239">Photothèque</a> – <a href="https://club-des-ecureuils.fr/?page_id=241">Vidéothèque</a></strong></p>
<p style="text-align: center;"><strong><a href="https://club-des-ecureuils.fr/?page_id=604">Section Jeunes</a> – <a href="https://club-des-ecureuils.fr/?page_id=645">Section Pitchounes</a> &#8211; <a href="https://club-des-ecureuils.fr/?page_id=1453">Choix d&rsquo;un VTT</a></strong></p>
<p style="text-align: center;"><strong>La section pour les Jeunes (10 à 17 ans)</strong></p>
<p><strong>La Section Jeunes VTT</strong> accueil les enfants de 10 à 17 ans <strong>(<span style="color: #0000ff;">à partir de 10 ans et selon la capacité physique de l&rsquo;enfant</span>)</strong>. L&rsquo;entrainement est encadré par des bénévoles tous les samedi Matins à <strong><span style="color: #ff0000;">9h30</span></strong> (sauf vacances scolaires).<br /><strong>Des groupes de niveau sont organisés.</strong></p>
<p style="text-align: left;" align="center"><span style="text-decoration: underline;"><strong>Équipements obligatoires :</strong></span></p>
<ul>
<li style="text-align: left;">1 VTT en bon état de marche, (Les freins, les changements de vitesse, le pneus doivent être en bon état)</li>
<li style="text-align: left;">1 Casque.</li>
<li>1 sac à eau,  1 sac à dos avec une bouteille, ou encore une gourde.</li>
<li>1 barre de céréale ou popote.</li>
<li>Lunettes de soleil et des gants (protection des yeux et des mains).</li>
</ul>
<p>Le calendrier des entraînements VTT jeunes ici : <a href="https://ecureuilsvtt-jeunes.yaentrainement.fr/">https://ecureuilsvtt-jeunes.yaentrainement.fr/</a></p>
<p>Les Jeunes seront Coachés par des bénévoles formés (BFA1 UFOLEP) et accompagnés par des parents volontaires à la section Jeune VTT.</p>
<p>Les bénévoles organisent des séances techniques d&rsquo;environ 30 à 45 minutes. Ensuite les jeunes seront répartis par groupes de niveau pour faire un parcours en forêt d&rsquo;environ 25 km.</p>
<h2 style="text-align: left;"><span style="text-decoration: underline;"><strong>Objectif Kid bike &amp; Compétition :</strong></span></h2>
<p><strong>Les Jeunes de 10 à 14 ans participent au rencontres interclubs « Kid bike » qui se déroulent sur 6 à 7 dates, dans différents clubs. Les 15 à 17 ans se préparent pour éventuellement participer aux Championnats Départemental et Régional UFOLEP.</strong></p>
<ul>
<li> </li>
</ul>
<p><a href="https://club-des-ecureuils.fr/wp-content/uploads/2015/09/kidbike20152.gif"><img loading="lazy" decoding="async" class="wp-image-605 alignleft" src="https://club-des-ecureuils.fr/wp-content/uploads/2015/09/kidbike20152-300x135.gif" alt="kidbike20152" width="378" height="170" srcset="https://club-des-ecureuils.fr/wp-content/uploads/2015/09/kidbike20152-300x135.gif 300w, https://club-des-ecureuils.fr/wp-content/uploads/2015/09/kidbike20152-100x45.gif 100w, https://club-des-ecureuils.fr/wp-content/uploads/2015/09/kidbike20152-150x68.gif 150w, https://club-des-ecureuils.fr/wp-content/uploads/2015/09/kidbike20152-200x90.gif 200w, https://club-des-ecureuils.fr/wp-content/uploads/2015/09/kidbike20152-450x203.gif 450w" sizes="auto, (max-width: 378px) 100vw, 378px" /></a></p>
<p><strong>Déroulement de la journée Kid bike :</strong></p>
<p>Un responsable de club se présentera muni de toutes les licences de son club, retirera les dossards, et réglera le montant de l’engagement de son club.<br />Dès qu’une équipe sera formée, elle sera appelée ainsi que le référent qui l’encadrera pour la totalité des épreuves et pourra commencer l’atelier indiqué sur sa feuille, des l’atelier terminé, le référent rapportera à la table informatique la feuille complétée de ces notes, prendra la feuille de l’atelier suivant, et ainsi de suite jusqu’à la fin des épreuves.</p>
<p><strong>Les ateliers :</strong></p>
<p><strong>Escargot</strong> : lenteur de rigueur, le surplace est interdit<br /><strong>Jongleur</strong> : maniabilité requise<br /><strong>Le mini trial</strong> : passer les obstacles sans difficulté.<br /><strong>Le cross country</strong> : un parcours à faire rapidement.</p>
<p><strong>La découverte et le perfectionnement au VTT </strong>à travers une démarche d’apprentissage originale : des fondamentaux techniques et des<br />connaissances transversales (mécanique, lecture de carte, sécurité, …). Une progression pédagogique visant à faire des jeunes, des VTTistes complets.<br />Le plaisir de faire du VTT avec les copains et copines. Ce dispositif fédère : enfants, parents, accompagnateurs, animateurs et responsables associatifs.</p>
<p><span style="text-decoration: underline;"><strong>Projet éducatif :</strong></span><br />Développer la pratique du Vélo Tout Terrain (VTT) chez les plus jeunes, filles et garçons, de 10 à 16 ans.<br /><strong>Objectifs : </strong><br />• S’initier, apprendre et se perfectionner à la pratique du vélo, dans un esprit ludique et convivial<br />• Donner le goût de l’effort et du dépassement de soi<br />• Se former à une pratique sécurisée du vélo dès le plus jeune âge<br />• Former des citoyens sportifs, acteurs d’une pratique responsable et durable du vélo<br /><strong>Démarche :</strong><br />• Une progression pédagogique adaptée aux aptitudes des enfants et par tranche d’âge<br />• Une découverte aménagée pour les plus jeunes (draisienne, trottinette)<br />• 5 niveaux d’apprentissage allant de l’initiation au perfectionnement technique<br />• Des animateurs bénévoles formés par l&rsquo;UFOLEP<br />• Des outils techniques et pédagogiques de l&rsquo;UFOLEP<br />• Des associations labellisées « école de Kid Bike »<br />• Des étapes validées par un carnet de progression pour l’enfant<br />• Un permis du jeune cycliste<br />• Des challenges inter clubs réguliers</p>


<p>Souvenir du Kid Bike de Saint-Jean d&rsquo;Illac 2021 :</p>



<figure class="wp-block-embed is-type-video is-provider-youtube wp-block-embed-youtube wp-embed-aspect-16-9 wp-has-aspect-ratio"><div class="wp-block-embed__wrapper">
<iframe loading="lazy" title="Le Kid Bike de Saint-Jean d’Illac 2021" width="525" height="295" src="https://www.youtube.com/embed/t-MmBbqA1qI?feature=oembed" frameborder="0" allow="accelerometer; autoplay; clipboard-write; encrypted-media; gyroscope; picture-in-picture; web-share" referrerpolicy="strict-origin-when-cross-origin" allowfullscreen></iframe>
</div></figure>

<p>Section VTT – Horaires et Tarifs – Actualités – Photothèque – Vidéothèque Section Jeunes – Section Pitchounes &#8211; Choix d&rsquo;un VTT La section pour les Jeunes (10 à 17 ans) La Section Jeunes VTT accueil les enfants de 10 à 17 ans (à partir de 10 ans et selon la capacité physique de l&rsquo;enfant). L&rsquo;entrainement est encadré par &hellip; </p>
<p class="link-more"><a href="https://club-des-ecureuils.fr/?page_id=604" class="more-link">Continuer la lecture<span class="screen-reader-text"> de &laquo;&nbsp;Section Jeunes VTT&nbsp;&raquo;</span></a></p>
