{"id":6302,"date":"2024-12-03T08:56:53","date_gmt":"2024-12-03T08:56:53","guid":{"rendered":"https:\/\/club-des-ecureuils.fr\/?page_id=6302"},"modified":"2026-03-02T15:51:43","modified_gmt":"2026-03-02T15:51:43","slug":"votre-club-en-un-clic","status":"publish","type":"page","link":"https:\/\/club-des-ecureuils.fr\/?page_id=6302","title":{"rendered":"Votre CLUB, l&rsquo;essentiel:"},"content":{"rendered":"\n<figure class=\"wp-block-image size-full\"><a href=\"https:\/\/club-des-ecureuils.fr\/wp-content\/uploads\/2025\/11\/Acceuil-Sections.png\"><img loading=\"lazy\" decoding=\"async\" width=\"808\" height=\"563\" src=\"https:\/\/club-des-ecureuils.fr\/wp-content\/uploads\/2025\/11\/Acceuil-Sections.png\" alt=\"\" class=\"wp-image-7120\" srcset=\"https:\/\/club-des-ecureuils.fr\/wp-content\/uploads\/2025\/11\/Acceuil-Sections.png 808w, https:\/\/club-des-ecureuils.fr\/wp-content\/uploads\/2025\/11\/Acceuil-Sections-300x209.png 300w, https:\/\/club-des-ecureuils.fr\/wp-content\/uploads\/2025\/11\/Acceuil-Sections-768x535.png 768w\" sizes=\"auto, (max-width: 767px) 89vw, (max-width: 1000px) 54vw, (max-width: 1071px) 543px, 580px\" \/><\/a><\/figure>\n\n\n\n<h1 class=\"wp-block-heading has-text-align-center\"><strong><a href=\"https:\/\/club-des-ecureuils.fr\/?page_id=6302\" data-type=\"page\" data-id=\"6302\">Votre CLUB en un clic<\/a> <\/strong><\/h1>\n\n\n\n<figure class=\"wp-block-table is-style-stripes\"><table class=\"has-fixed-layout\"><tbody><tr><td><strong>Dix sections vous attendent<\/strong> :<\/td><td>(en cliquant sur son nom, vous arriverez sur la page de la section)<\/td><\/tr><tr><td><\/td><td><\/td><\/tr><\/tbody><\/table><\/figure>\n\n\n\n<figure class=\"wp-block-table is-style-stripes\"><table class=\"has-fixed-layout\"><tbody><tr><td class=\"has-text-align-center\" data-align=\"center\"><strong><mark style=\"background-color:rgba(0, 0, 0, 0)\" class=\"has-inline-color has-vivid-red-color\">TROIS SECTIONS \u00ab\u00a0CULTURELLES\u00a0\u00bb :<\/mark><\/strong><\/td><td class=\"has-text-align-center\" data-align=\"center\"><\/td><\/tr><tr><td class=\"has-text-align-center\" data-align=\"center\"><img loading=\"lazy\" decoding=\"async\" width=\"101\" height=\"106\" class=\"wp-image-6893\" style=\"width: 101px;\" src=\"https:\/\/club-des-ecureuils.fr\/wp-content\/uploads\/2025\/10\/logo-batucada.png\" alt=\"\"><a href=\"https:\/\/club-des-ecureuils.fr\/wp-content\/uploads\/2025\/10\/logo-danse-2025.jpg\"><\/a><\/td><td class=\"has-text-align-center\" data-align=\"center\"><a href=\"https:\/\/club-des-ecureuils.fr\/?page_id=33\"><strong>BATUCADA<\/strong><\/a> <mark style=\"background-color:rgba(0, 0, 0, 0)\" class=\"has-inline-color has-vivid-purple-color\"><strong>Carabat&rsquo;souk<\/strong> <\/mark>(percussion et danse br\u00e9silienne) cours adultes<\/td><\/tr><tr><td class=\"has-text-align-center\" data-align=\"center\"><a href=\"https:\/\/club-des-ecureuils.fr\/?page_id=5071\"><strong>DANSE<\/strong><\/a> <strong><mark style=\"background-color:rgba(0, 0, 0, 0)\" class=\"has-inline-color has-vivid-purple-color\">Temps Danse <\/mark><\/strong>cours enfants, ados et adultes (listerles types de danse) lien<\/td><td class=\"has-text-align-center\" data-align=\"center\"><img loading=\"lazy\" decoding=\"async\" width=\"100\" height=\"100\" class=\"wp-image-6897\" style=\"width: 100px;\" src=\"https:\/\/club-des-ecureuils.fr\/wp-content\/uploads\/2025\/10\/logo-danse-2025.jpg\" alt=\"\" srcset=\"https:\/\/club-des-ecureuils.fr\/wp-content\/uploads\/2025\/10\/logo-danse-2025.jpg 300w, https:\/\/club-des-ecureuils.fr\/wp-content\/uploads\/2025\/10\/logo-danse-2025-150x150.jpg 150w, https:\/\/club-des-ecureuils.fr\/wp-content\/uploads\/2025\/10\/logo-danse-2025-100x100.jpg 100w\" sizes=\"auto, (max-width: 100px) 100vw, 100px\" \/><\/td><\/tr><tr><td class=\"has-text-align-center\" data-align=\"center\"><img loading=\"lazy\" decoding=\"async\" width=\"170\" height=\"120\" class=\"wp-image-6908\" style=\"width: 170px;\" src=\"https:\/\/club-des-ecureuils.fr\/wp-content\/uploads\/2025\/10\/logos-pages-site-internet-2025-theatre.jpg\" alt=\"\" srcset=\"https:\/\/club-des-ecureuils.fr\/wp-content\/uploads\/2025\/10\/logos-pages-site-internet-2025-theatre.jpg 1754w, https:\/\/club-des-ecureuils.fr\/wp-content\/uploads\/2025\/10\/logos-pages-site-internet-2025-theatre-300x212.jpg 300w, https:\/\/club-des-ecureuils.fr\/wp-content\/uploads\/2025\/10\/logos-pages-site-internet-2025-theatre-1024x724.jpg 1024w, https:\/\/club-des-ecureuils.fr\/wp-content\/uploads\/2025\/10\/logos-pages-site-internet-2025-theatre-768x543.jpg 768w, https:\/\/club-des-ecureuils.fr\/wp-content\/uploads\/2025\/10\/logos-pages-site-internet-2025-theatre-1536x1086.jpg 1536w\" sizes=\"auto, (max-width: 170px) 100vw, 170px\" \/><\/td><td class=\"has-text-align-center\" data-align=\"center\"><br><a href=\"https:\/\/club-des-ecureuils.fr\/?page_id=3530\"><strong>THEATRE<\/strong><\/a> <mark style=\"background-color:rgba(0, 0, 0, 0)\" class=\"has-inline-color has-vivid-purple-color\"><strong>Scen&rsquo;art <\/strong><\/mark>cours enfants, ados et adultes<\/td><\/tr><\/tbody><\/table><\/figure>\n\n\n\n<figure class=\"wp-block-table is-style-stripes\"><table class=\"has-fixed-layout\"><tbody><tr><td class=\"has-text-align-center\" data-align=\"center\"><mark style=\"background-color:rgba(0, 0, 0, 0)\" class=\"has-inline-color has-pale-pink-color\"><strong>DEUX SECTIONS<\/strong> <strong> \u00ab\u00a0BIEN ETRE\u00a0\u00bb <\/strong><\/mark><\/td><td class=\"has-text-align-center\" data-align=\"center\"><mark style=\"background-color:rgba(0, 0, 0, 0)\" class=\"has-inline-color has-pale-pink-color\"><strong>:<\/strong><\/mark><\/td><\/tr><tr><td class=\"has-text-align-center\" data-align=\"center\"><img loading=\"lazy\" decoding=\"async\" width=\"100\" height=\"100\" class=\"wp-image-6895\" style=\"width: 100px;\" src=\"https:\/\/club-des-ecureuils.fr\/wp-content\/uploads\/2025\/10\/logo-yoga.jpeg\" alt=\"\" srcset=\"https:\/\/club-des-ecureuils.fr\/wp-content\/uploads\/2025\/10\/logo-yoga.jpeg 1024w, https:\/\/club-des-ecureuils.fr\/wp-content\/uploads\/2025\/10\/logo-yoga-300x300.jpeg 300w, https:\/\/club-des-ecureuils.fr\/wp-content\/uploads\/2025\/10\/logo-yoga-150x150.jpeg 150w, https:\/\/club-des-ecureuils.fr\/wp-content\/uploads\/2025\/10\/logo-yoga-768x768.jpeg 768w, https:\/\/club-des-ecureuils.fr\/wp-content\/uploads\/2025\/10\/logo-yoga-100x100.jpeg 100w\" sizes=\"auto, (max-width: 100px) 100vw, 100px\" \/><\/td><td class=\"has-text-align-center\" data-align=\"center\"><a href=\"https:\/\/club-des-ecureuils.fr\/?page_id=6070\" data-type=\"page\" data-id=\"6070\"><strong>YOGA<\/strong><\/a> cours adultes<\/td><\/tr><tr><td class=\"has-text-align-center\" data-align=\"center\"><strong><a href=\"https:\/\/club-des-ecureuils.fr\/?page_id=152\">TAI CHI GI CONG<\/a> <\/strong>cours adultes<\/td><td class=\"has-text-align-center\" data-align=\"center\"><img loading=\"lazy\" decoding=\"async\" width=\"150\" height=\"106\" class=\"wp-image-6999\" style=\"width: 150px;\" src=\"https:\/\/club-des-ecureuils.fr\/wp-content\/uploads\/2025\/10\/logos-pages-site-internet-2025-taichi.jpg\" alt=\"\" srcset=\"https:\/\/club-des-ecureuils.fr\/wp-content\/uploads\/2025\/10\/logos-pages-site-internet-2025-taichi.jpg 1754w, https:\/\/club-des-ecureuils.fr\/wp-content\/uploads\/2025\/10\/logos-pages-site-internet-2025-taichi-300x212.jpg 300w, https:\/\/club-des-ecureuils.fr\/wp-content\/uploads\/2025\/10\/logos-pages-site-internet-2025-taichi-1024x724.jpg 1024w, https:\/\/club-des-ecureuils.fr\/wp-content\/uploads\/2025\/10\/logos-pages-site-internet-2025-taichi-768x543.jpg 768w, https:\/\/club-des-ecureuils.fr\/wp-content\/uploads\/2025\/10\/logos-pages-site-internet-2025-taichi-1536x1086.jpg 1536w\" sizes=\"auto, (max-width: 150px) 100vw, 150px\" \/><\/td><\/tr><\/tbody><\/table><\/figure>\n\n\n\n<figure class=\"wp-block-table is-style-stripes\"><table class=\"has-fixed-layout\"><tbody><tr><td class=\"has-text-align-center\" data-align=\"center\"><mark style=\"background-color:rgba(0, 0, 0, 0)\" class=\"has-inline-color has-vivid-green-cyan-color\"><strong>CINQ SECTIONS<\/strong> <strong> \u00ab\u00a0SPORTIVES\u00a0\u00bb :<\/strong><\/mark><\/td><td class=\"has-text-align-center\" data-align=\"center\"><\/td><\/tr><tr><td class=\"has-text-align-center\" data-align=\"center\"><img loading=\"lazy\" decoding=\"async\" width=\"150\" height=\"106\" class=\"wp-image-6906\" style=\"width: 150px;\" src=\"https:\/\/club-des-ecureuils.fr\/wp-content\/uploads\/2025\/10\/logos-pages-site-internet-2025-vtt-1.jpg\" alt=\"\" srcset=\"https:\/\/club-des-ecureuils.fr\/wp-content\/uploads\/2025\/10\/logos-pages-site-internet-2025-vtt-1.jpg 1754w, https:\/\/club-des-ecureuils.fr\/wp-content\/uploads\/2025\/10\/logos-pages-site-internet-2025-vtt-1-300x212.jpg 300w, https:\/\/club-des-ecureuils.fr\/wp-content\/uploads\/2025\/10\/logos-pages-site-internet-2025-vtt-1-1024x724.jpg 1024w, https:\/\/club-des-ecureuils.fr\/wp-content\/uploads\/2025\/10\/logos-pages-site-internet-2025-vtt-1-768x543.jpg 768w, https:\/\/club-des-ecureuils.fr\/wp-content\/uploads\/2025\/10\/logos-pages-site-internet-2025-vtt-1-1536x1086.jpg 1536w\" sizes=\"auto, (max-width: 150px) 100vw, 150px\" \/><\/td><td class=\"has-text-align-center\" data-align=\"center\"><a href=\"https:\/\/club-des-ecureuils.fr\/?page_id=199\" data-type=\"page\" data-id=\"4712\"><strong>CYCLO, GRAVEL, VTT<\/strong><\/a> cours enfants, ados et adultes<\/td><\/tr><tr><td class=\"has-text-align-center\" data-align=\"center\"><a href=\"https:\/\/club-des-ecureuils.fr\/?page_id=5595\" data-type=\"page\" data-id=\"5595\"><strong>RANDONNEE PEDESTRE<\/strong><\/a> <strong><mark style=\"background-color:rgba(0, 0, 0, 0)\" class=\"has-inline-color has-vivid-purple-color\">Les<\/mark> <mark style=\"background-color:rgba(0, 0, 0, 0)\" class=\"has-inline-color has-vivid-purple-color\">Ecureuils marcheurs<\/mark><\/strong> cours adultes<\/td><td class=\"has-text-align-center\" data-align=\"center\"><img loading=\"lazy\" decoding=\"async\" width=\"150\" height=\"122\" class=\"wp-image-6899\" style=\"width: 150px;\" src=\"https:\/\/club-des-ecureuils.fr\/wp-content\/uploads\/2025\/10\/LOGO-RANDO.png\" alt=\"\" srcset=\"https:\/\/club-des-ecureuils.fr\/wp-content\/uploads\/2025\/10\/LOGO-RANDO.png 1318w, https:\/\/club-des-ecureuils.fr\/wp-content\/uploads\/2025\/10\/LOGO-RANDO-300x244.png 300w, https:\/\/club-des-ecureuils.fr\/wp-content\/uploads\/2025\/10\/LOGO-RANDO-1024x834.png 1024w, https:\/\/club-des-ecureuils.fr\/wp-content\/uploads\/2025\/10\/LOGO-RANDO-768x626.png 768w\" sizes=\"auto, (max-width: 150px) 100vw, 150px\" \/><\/td><\/tr><tr><td class=\"has-text-align-center\" data-align=\"center\"><img loading=\"lazy\" decoding=\"async\" width=\"100\" height=\"102\" class=\"wp-image-6894\" style=\"width: 100px;\" src=\"https:\/\/club-des-ecureuils.fr\/wp-content\/uploads\/2025\/10\/logo-course-a-pied-2025.jpg\" alt=\"\"><\/td><td class=\"has-text-align-center\" data-align=\"center\"><a href=\"https:\/\/club-des-ecureuils.fr\/?page_id=53\"><strong>COURSE A PIED<\/strong><\/a> cours adultes<\/td><\/tr><tr><td class=\"has-text-align-center\" data-align=\"center\"><br><a href=\"https:\/\/club-des-ecureuils.fr\/?page_id=150\"><strong>JUJITSU<\/strong><\/a> cours adultes<\/td><td class=\"has-text-align-center\" data-align=\"center\"><img loading=\"lazy\" decoding=\"async\" width=\"30\" height=\"99\" class=\"wp-image-6898\" style=\"width: 30px;\" src=\"https:\/\/club-des-ecureuils.fr\/wp-content\/uploads\/2025\/10\/logo-jujitsu.png\" alt=\"\" srcset=\"https:\/\/club-des-ecureuils.fr\/wp-content\/uploads\/2025\/10\/logo-jujitsu.png 140w, https:\/\/club-des-ecureuils.fr\/wp-content\/uploads\/2025\/10\/logo-jujitsu-91x300.png 91w\" sizes=\"auto, (max-width: 30px) 100vw, 30px\" \/><\/td><\/tr><tr><td class=\"has-text-align-center\" data-align=\"center\"><img loading=\"lazy\" decoding=\"async\" width=\"100\" height=\"100\" class=\"wp-image-6896\" style=\"width: 100px;\" src=\"https:\/\/club-des-ecureuils.fr\/wp-content\/uploads\/2025\/10\/logo-multisports.jpg\" alt=\"\" srcset=\"https:\/\/club-des-ecureuils.fr\/wp-content\/uploads\/2025\/10\/logo-multisports.jpg 218w, https:\/\/club-des-ecureuils.fr\/wp-content\/uploads\/2025\/10\/logo-multisports-150x150.jpg 150w, https:\/\/club-des-ecureuils.fr\/wp-content\/uploads\/2025\/10\/logo-multisports-100x100.jpg 100w\" sizes=\"auto, (max-width: 100px) 100vw, 100px\" \/><\/td><td class=\"has-text-align-center\" data-align=\"center\"><strong><a href=\"https:\/\/club-des-ecureuils.fr\/?page_id=126\">MULTISPORTS<\/a>&nbsp;<\/strong>cours enfants et adultes<\/td><\/tr><\/tbody><\/table><\/figure>\n\n\n\n<h2 class=\"wp-block-heading\"><strong>Comment adh\u00e9rer :<\/strong><\/h2>\n\n\n\n<figure class=\"wp-block-table is-style-stripes\"><table class=\"has-fixed-layout\"><tbody><tr><td><img loading=\"lazy\" decoding=\"async\" width=\"150\" height=\"88\" class=\"wp-image-6912\" style=\"width: 150px;\" src=\"https:\/\/club-des-ecureuils.fr\/wp-content\/uploads\/2025\/10\/helloasso.png\" alt=\"\"><\/td><td><strong>Utilisez l&rsquo;application \u00ab\u00a0HELLOASSO\u00a0\u00bb.<\/strong><br>Rendez vous sur la section choisie pour toutes les formalit\u00e9s et<br>cliquez sur \u00ab\u00a0Adh\u00e9rer\u00a0\u00bb<br>Paiement par carte bancaire uniquement<\/td><td><img loading=\"lazy\" decoding=\"async\" width=\"150\" height=\"212\" class=\"wp-image-6927\" style=\"width: 150px;\" src=\"https:\/\/club-des-ecureuils.fr\/wp-content\/uploads\/2025\/10\/bulletin-adhesion.jpg\" alt=\"\" srcset=\"https:\/\/club-des-ecureuils.fr\/wp-content\/uploads\/2025\/10\/bulletin-adhesion.jpg 1240w, https:\/\/club-des-ecureuils.fr\/wp-content\/uploads\/2025\/10\/bulletin-adhesion-212x300.jpg 212w, https:\/\/club-des-ecureuils.fr\/wp-content\/uploads\/2025\/10\/bulletin-adhesion-724x1024.jpg 724w, https:\/\/club-des-ecureuils.fr\/wp-content\/uploads\/2025\/10\/bulletin-adhesion-768x1086.jpg 768w, https:\/\/club-des-ecureuils.fr\/wp-content\/uploads\/2025\/10\/bulletin-adhesion-1086x1536.jpg 1086w\" sizes=\"auto, (max-width: 150px) 100vw, 150px\" \/><\/td><td><strong>Autre mode d&rsquo;inscription<\/strong>, remplissez la fiche individuelle d&rsquo;adh\u00e9sion.<br><a href=\"https:\/\/club-des-ecureuils.fr\/?page_id=230\" data-type=\"link\" data-id=\"https:\/\/club-des-ecureuils.fr\/?page_id=230\">INSCRIPTION PAPIER<\/a><\/td><\/tr><\/tbody><\/table><\/figure>\n\n\n\n<h2 class=\"wp-block-heading\"><strong>Le questionnaire m\u00e9dical :<\/strong><\/h2>\n\n\n\n<p>R\u00e9pondez au questionnaire m\u00e9dical pour pouvoir remplir votre inscription, ce formulaire est personnel, vous n&rsquo;avez pas \u00e0 nous le remettre. Il vous sert pour compl\u00e9ter votre bulletin d&rsquo;inscription et \u00e9ventuellement nous fournir un certificat m\u00e9dical. <a href=\"https:\/\/club-des-ecureuils.fr\/?page_id=230\">INSCRIPTION PAPIER<\/a><\/p>\n\n\n\n<figure class=\"wp-block-gallery has-nested-images columns-default is-cropped wp-block-gallery-1 is-layout-flex wp-block-gallery-is-layout-flex\">\n<figure class=\"wp-block-image size-large is-resized\"><a href=\"https:\/\/club-des-ecureuils.fr\/wp-content\/uploads\/2025\/10\/questionnaire-medical-enfant.jpg\"><img loading=\"lazy\" decoding=\"async\" width=\"1024\" height=\"724\" data-id=\"6962\" src=\"https:\/\/club-des-ecureuils.fr\/wp-content\/uploads\/2025\/10\/questionnaire-medical-enfant-1024x724.jpg\" alt=\"\" class=\"wp-image-6962\" style=\"width:140px;height:auto\" srcset=\"https:\/\/club-des-ecureuils.fr\/wp-content\/uploads\/2025\/10\/questionnaire-medical-enfant-1024x724.jpg 1024w, https:\/\/club-des-ecureuils.fr\/wp-content\/uploads\/2025\/10\/questionnaire-medical-enfant-300x212.jpg 300w, https:\/\/club-des-ecureuils.fr\/wp-content\/uploads\/2025\/10\/questionnaire-medical-enfant-768x543.jpg 768w, https:\/\/club-des-ecureuils.fr\/wp-content\/uploads\/2025\/10\/questionnaire-medical-enfant-1536x1086.jpg 1536w, https:\/\/club-des-ecureuils.fr\/wp-content\/uploads\/2025\/10\/questionnaire-medical-enfant.jpg 1754w\" sizes=\"auto, (max-width: 767px) 89vw, (max-width: 1000px) 54vw, (max-width: 1071px) 543px, 580px\" \/><\/a><figcaption class=\"wp-element-caption\"><mark style=\"background-color:rgba(0, 0, 0, 0)\" class=\"has-inline-color has-black-color\">Qestionnaire ENFANT<\/mark><\/figcaption><\/figure>\n\n\n\n<figure class=\"wp-block-image size-large is-resized\"><a href=\"https:\/\/club-des-ecureuils.fr\/wp-content\/uploads\/2025\/10\/questionnaire-medical-adulte.jpg\"><img loading=\"lazy\" decoding=\"async\" width=\"1024\" height=\"724\" data-id=\"6959\" src=\"https:\/\/club-des-ecureuils.fr\/wp-content\/uploads\/2025\/10\/questionnaire-medical-adulte-1024x724.jpg\" alt=\"\" class=\"wp-image-6959\" style=\"width:140px;height:auto\" srcset=\"https:\/\/club-des-ecureuils.fr\/wp-content\/uploads\/2025\/10\/questionnaire-medical-adulte-1024x724.jpg 1024w, https:\/\/club-des-ecureuils.fr\/wp-content\/uploads\/2025\/10\/questionnaire-medical-adulte-300x212.jpg 300w, https:\/\/club-des-ecureuils.fr\/wp-content\/uploads\/2025\/10\/questionnaire-medical-adulte-768x543.jpg 768w, https:\/\/club-des-ecureuils.fr\/wp-content\/uploads\/2025\/10\/questionnaire-medical-adulte-1536x1086.jpg 1536w, https:\/\/club-des-ecureuils.fr\/wp-content\/uploads\/2025\/10\/questionnaire-medical-adulte.jpg 1754w\" sizes=\"auto, (max-width: 767px) 89vw, (max-width: 1000px) 54vw, (max-width: 1071px) 543px, 580px\" \/><\/a><figcaption class=\"wp-element-caption\"><mark style=\"background-color:rgba(0, 0, 0, 0)\" class=\"has-inline-color has-black-color\">Questionnaire ADULTE<\/mark><\/figcaption><\/figure>\n<\/figure>\n\n\n\n<h2 class=\"wp-block-heading\"><strong>Nos f\u00e9d\u00e9rations partenaires:<\/strong><\/h2>\n\n\n\n<div class=\"wp-block-columns is-layout-flex wp-container-core-columns-is-layout-9d6595d7 wp-block-columns-is-layout-flex\">\n<div class=\"wp-block-column is-layout-flow wp-block-column-is-layout-flow\" style=\"flex-basis:100%\">\n<div class=\"wp-block-columns is-layout-flex wp-container-core-columns-is-layout-9d6595d7 wp-block-columns-is-layout-flex\">\n<div class=\"wp-block-column is-layout-flow wp-block-column-is-layout-flow\" style=\"flex-basis:100%\">\n<figure class=\"wp-block-table\"><table class=\"has-fixed-layout\"><tbody><tr><td> <img decoding=\"async\" src=\"https:\/\/club-des-ecureuils.fr\/wp-content\/uploads\/2025\/11\/logo_ufolep33v2013.gif\" alt=\"\"><a href=\"https:\/\/club-des-ecureuils.fr\/wp-content\/uploads\/2025\/11\/logo_ufolep33v2013.gif\"><\/a><\/td><td><img loading=\"lazy\" decoding=\"async\" width=\"150\" height=\"68\" class=\"wp-image-6949\" style=\"width: 150px;\" src=\"https:\/\/club-des-ecureuils.fr\/wp-content\/uploads\/2025\/10\/logo-FFRandonnee-250.jpg\" alt=\"\"><\/td><td><img loading=\"lazy\" decoding=\"async\" width=\"150\" height=\"90\" class=\"wp-image-6950\" style=\"width: 150px;\" src=\"https:\/\/club-des-ecureuils.fr\/wp-content\/uploads\/2025\/10\/sport-pour-tous.jpg\" alt=\"\"><\/td><td><img decoding=\"async\" src=\"https:\/\/club-des-ecureuils.fr\/wp-content\/uploads\/2025\/11\/Logo_FNSMR_1920x1727.jpg\" alt=\"\"><\/td><td><a href=\"https:\/\/club-des-ecureuils.fr\/wp-content\/uploads\/2025\/11\/logo_ufolep33v2013.gif\"><\/a><\/td><\/tr><\/tbody><\/table><\/figure>\n<\/div>\n<\/div>\n<\/div>\n<\/div>\n\n\n\n<h2 class=\"wp-block-heading\"><strong>Nous contacter :<\/strong><\/h2>\n\n\n\n<div class=\"wp-block-buttons is-layout-flex wp-block-buttons-is-layout-flex\"><\/div>\n\n\n\n<p><\/p>\n","protected":false},"excerpt":{"rendered":"<p>Votre CLUB en un clic Dix sections vous attendent : (en cliquant sur son nom, vous arriverez sur la page de la section) TROIS SECTIONS \u00ab\u00a0CULTURELLES\u00a0\u00bb : BATUCADA Carabat&rsquo;souk (percussion et danse br\u00e9silienne) cours adultes DANSE Temps Danse cours enfants, ados et adultes (listerles types de danse) lien THEATRE Scen&rsquo;art cours enfants, ados et adultes &hellip; <\/p>\n<p class=\"link-more\"><a href=\"https:\/\/club-des-ecureuils.fr\/?page_id=6302\" class=\"more-link\">Continuer la lecture<span class=\"screen-reader-text\"> de &laquo;&nbsp;Votre CLUB, l&rsquo;essentiel:&nbsp;&raquo;<\/span><\/a><\/p>\n","protected":false},"author":3,"featured_media":0,"parent":0,"menu_order":0,"comment_status":"open","ping_status":"closed","template":"","meta":{"footnotes":""},"class_list":["post-6302","page","type-page","status-publish","hentry"],"_links":{"self":[{"href":"https:\/\/club-des-ecureuils.fr\/index.php?rest_route=\/wp\/v2\/pages\/6302","targetHints":{"allow":["GET"]}}],"collection":[{"href":"https:\/\/club-des-ecureuils.fr\/index.php?rest_route=\/wp\/v2\/pages"}],"about":[{"href":"https:\/\/club-des-ecureuils.fr\/index.php?rest_route=\/wp\/v2\/types\/page"}],"author":[{"embeddable":true,"href":"https:\/\/club-des-ecureuils.fr\/index.php?rest_route=\/wp\/v2\/users\/3"}],"replies":[{"embeddable":true,"href":"https:\/\/club-des-ecureuils.fr\/index.php?rest_route=%2Fwp%2Fv2%2Fcomments&post=6302"}],"version-history":[{"count":71,"href":"https:\/\/club-des-ecureuils.fr\/index.php?rest_route=\/wp\/v2\/pages\/6302\/revisions"}],"predecessor-version":[{"id":7650,"href":"https:\/\/club-des-ecureuils.fr\/index.php?rest_route=\/wp\/v2\/pages\/6302\/revisions\/7650"}],"wp:attachment":[{"href":"https:\/\/club-des-ecureuils.fr\/index.php?rest_route=%2Fwp%2Fv2%2Fmedia&parent=6302"}],"curies":[{"name":"wp","href":"https:\/\/api.w.org\/{rel}","templated":true}]}}